{"id":986,"date":"2024-07-31T09:55:18","date_gmt":"2024-07-31T07:55:18","guid":{"rendered":"https:\/\/blog.sutilweb.eu\/?page_id=986"},"modified":"2024-07-31T09:55:19","modified_gmt":"2024-07-31T07:55:19","slug":"01-entender-el-marketing-automation","status":"publish","type":"page","link":"https:\/\/sutilweb.eu\/index.php\/seo-marketing\/marketing-automation\/01-entender-el-marketing-automation\/","title":{"rendered":"01. Entender el Marketing automation"},"content":{"rendered":"\n<p>Cual es el peor enemigo del vendedor, las tareas repetitivas que dificultan enfocarse en el panorama general y la estrategia a largo plazo.<\/p>\n\n\n\n<p>De ah\u00ed viene el valor central de la <strong>automatizaci\u00f3n del marketing<\/strong>, la capacidad de ahorrar innumerables horas al mismo tiempo que se crean mejores relaciones con los clientes y se mejora la experiencia del usuario en nuestro sitio a trav\u00e9s de un seguimiento avanzado y una comunicaci\u00f3n perfectamente sincronizada.<\/p>\n\n\n\n<!--more-->\n\n\n\n<h2 class=\"wp-block-heading\">Que es el marketing automation<\/h2>\n\n\n\n<p>La <strong>automatizaci\u00f3n del marketing<\/strong> se refiere al uso de un software para crear flujos de trabajo formados por condiciones predefinidas, las cuales desencadenan el inicio de tareas de <strong>marketing<\/strong> de forma autom\u00e1tica. Los factores que comienzan estas tareas generalmente corresponden a acciones que los usuarios realizan en tu sitio o en tus correos electr\u00f3nicos. Las tareas que se pueden automatizar incluyen, entre otras:<\/p>\n\n\n\n<ul class=\"wp-block-list\">\n<li>Env\u00edo de <strong>correos electr\u00f3nicos<\/strong> y <strong>sms<\/strong><\/li>\n\n\n\n<li><strong>Segmentaci\u00f3n de contactos<\/strong> en listas diferentes<\/li>\n\n\n\n<li>Actualizaci\u00f3n de informaci\u00f3n de la base de datos de contactos (como ejm, <strong>datos demogr\u00e1ficos<\/strong>, <strong>puntuaci\u00f3n<\/strong>, <strong>nivel de inter\u00e9s<\/strong>&#8230;).<\/li>\n<\/ul>\n\n\n\n<p>Como hemos comentado, la <strong>automatizaci\u00f3n del marketing<\/strong> funciona mediante el uso de <strong>flujos de trabajo<\/strong> (o <strong>escenarios<\/strong>). Estos <strong>flujos<\/strong> pueden activar acciones de acuerdo al comportamiento del usuario, por ejm, enviar autom\u00e1ticamente un correo electr\u00f3nico de bienvenida cuando un nuevo contacto se registra en una lista de correo electr\u00f3nico, o cuando hay art\u00edculos abandonados en el carro de compra.<\/p>\n\n\n\n<h2 class=\"wp-block-heading\">Diferencia entre Marketing Automation y Marketing cl\u00e1sico por email<\/h2>\n\n\n\n<p>El <strong>Email Marketing<\/strong> (o <strong>marketing por correo electr\u00f3nico<\/strong>) generalmente se define como el env\u00edo de <strong>campa\u00f1as de mailing<\/strong> a una <strong>lista de contactos<\/strong> (de uno a varios). En general estas campa\u00f1as abordan objetivos generales, como pueden ser:<\/p>\n\n\n\n<ul class=\"wp-block-list\">\n<li>Anunciar un producto<\/li>\n\n\n\n<li>Promover una venta o una promoci\u00f3n por tiempo limitado<\/li>\n\n\n\n<li>Exhibir productos nuevos<\/li>\n\n\n\n<li>Compartir el contenido m\u00e1s reciente y las noticias de la compa\u00f1\u00eda en forma de un <strong>newsletter<\/strong> (o <strong>bolet\u00edn<\/strong>)<\/li>\n<\/ul>\n\n\n\n<p>La <strong>automatizaci\u00f3n de marketing<\/strong>, por otro lado permite enviar emails espec\u00edficos (uno a uno) que se desencadenan mediante acciones espec\u00edficas por parte de los usuarios, ya sea en nuestro sitio web o en correos electr\u00f3nicos.<\/p>\n\n\n\n<p>En general, dichos mensajes est\u00e1n m\u00e1s enfocados hacia un objetivo muy espec\u00edfico, directamente relacionado con las acciones que los usuarios realizan durante el proceso de compra.<\/p>\n\n\n\n<p>La <strong>automatizaci\u00f3n de marketing<\/strong> nos permite, por otro lado, enviar email espec\u00edficos (uno a uno) que se desencadenan mediante acciones espec\u00edficas por parte de los usuarios, ya sea en nuestro sitio web o en correos electr\u00f3nicos.<\/p>\n\n\n\n<p>Adem\u00e1s, el <strong>marketing automation<\/strong> no se limita al env\u00edo autom\u00e1tico de <strong>correos electr\u00f3nicos<\/strong>. Tambi\u00e9n puedes usarlo para agregar usuarios a una lista espec\u00edfica en tu base de datos de contactos en funci\u00f3n de su comportamiento, asignarles un puntaje de acuerdo con su nivel de inter\u00e9s percibido en tu negocio, y muchos otros m\u00e9todos para mejorar la relaci\u00f3n con tus clientes.<\/p>\n","protected":false},"excerpt":{"rendered":"<p>Cual es el peor enemigo del vendedor, las tareas repetitivas que dificultan enfocarse en el panorama general y la estrategia [&hellip;]<\/p>\n","protected":false},"author":1,"featured_media":0,"parent":983,"menu_order":0,"comment_status":"closed","ping_status":"closed","template":"","meta":{"_uag_custom_page_level_css":"","site-sidebar-layout":"default","site-content-layout":"","ast-site-content-layout":"default","site-content-style":"default","site-sidebar-style":"default","ast-global-header-display":"","ast-banner-title-visibility":"","ast-main-header-display":"","ast-hfb-above-header-display":"","ast-hfb-below-header-display":"","ast-hfb-mobile-header-display":"","site-post-title":"","ast-breadcrumbs-content":"","ast-featured-img":"","footer-sml-layout":"","ast-disable-related-posts":"","theme-transparent-header-meta":"","adv-header-id-meta":"","stick-header-meta":"","header-above-stick-meta":"","header-main-stick-meta":"","header-below-stick-meta":"","astra-migrate-meta-layouts":"default","ast-page-background-enabled":"default","ast-page-background-meta":{"desktop":{"background-color":"var(--ast-global-color-4)","background-image":"","background-repeat":"repeat","background-position":"center center","background-size":"auto","background-attachment":"scroll","background-type":"","background-media":"","overlay-type":"","overlay-color":"","overlay-opacity":"","overlay-gradient":""},"tablet":{"background-color":"","background-image":"","background-repeat":"repeat","background-position":"center center","background-size":"auto","background-attachment":"scroll","background-type":"","background-media":"","overlay-type":"","overlay-color":"","overlay-opacity":"","overlay-gradient":""},"mobile":{"background-color":"","background-image":"","background-repeat":"repeat","background-position":"center center","background-size":"auto","background-attachment":"scroll","background-type":"","background-media":"","overlay-type":"","overlay-color":"","overlay-opacity":"","overlay-gradient":""}},"ast-content-background-meta":{"desktop":{"background-color":"var(--ast-global-color-5)","background-image":"","background-repeat":"repeat","background-position":"center center","background-size":"auto","background-attachment":"scroll","background-type":"","background-media":"","overlay-type":"","overlay-color":"","overlay-opacity":"","overlay-gradient":""},"tablet":{"background-color":"var(--ast-global-color-5)","background-image":"","background-repeat":"repeat","background-position":"center center","background-size":"auto","background-attachment":"scroll","background-type":"","background-media":"","overlay-type":"","overlay-color":"","overlay-opacity":"","overlay-gradient":""},"mobile":{"background-color":"var(--ast-global-color-5)","background-image":"","background-repeat":"repeat","background-position":"center center","background-size":"auto","background-attachment":"scroll","background-type":"","background-media":"","overlay-type":"","overlay-color":"","overlay-opacity":"","overlay-gradient":""}},"footnotes":""},"class_list":["post-986","page","type-page","status-publish","hentry"],"uagb_featured_image_src":{"full":false,"thumbnail":false,"medium":false,"medium_large":false,"large":false,"1536x1536":false,"2048x2048":false},"uagb_author_info":{"display_name":"Sutil Web","author_link":"https:\/\/sutilweb.eu\/index.php\/author\/sutilweb\/"},"uagb_comment_info":0,"uagb_excerpt":"Cual es el peor enemigo del vendedor, las tareas repetitivas que dificultan enfocarse en el panorama general y la estrategia [&hellip;]","_links":{"self":[{"href":"https:\/\/sutilweb.eu\/index.php\/wp-json\/wp\/v2\/pages\/986","targetHints":{"allow":["GET"]}}],"collection":[{"href":"https:\/\/sutilweb.eu\/index.php\/wp-json\/wp\/v2\/pages"}],"about":[{"href":"https:\/\/sutilweb.eu\/index.php\/wp-json\/wp\/v2\/types\/page"}],"author":[{"embeddable":true,"href":"https:\/\/sutilweb.eu\/index.php\/wp-json\/wp\/v2\/users\/1"}],"replies":[{"embeddable":true,"href":"https:\/\/sutilweb.eu\/index.php\/wp-json\/wp\/v2\/comments?post=986"}],"version-history":[{"count":2,"href":"https:\/\/sutilweb.eu\/index.php\/wp-json\/wp\/v2\/pages\/986\/revisions"}],"predecessor-version":[{"id":988,"href":"https:\/\/sutilweb.eu\/index.php\/wp-json\/wp\/v2\/pages\/986\/revisions\/988"}],"up":[{"embeddable":true,"href":"https:\/\/sutilweb.eu\/index.php\/wp-json\/wp\/v2\/pages\/983"}],"wp:attachment":[{"href":"https:\/\/sutilweb.eu\/index.php\/wp-json\/wp\/v2\/media?parent=986"}],"curies":[{"name":"wp","href":"https:\/\/api.w.org\/{rel}","templated":true}]}}