{"id":971,"date":"2024-07-31T09:51:29","date_gmt":"2024-07-31T07:51:29","guid":{"rendered":"https:\/\/blog.sutilweb.eu\/?page_id=971"},"modified":"2024-07-31T09:51:30","modified_gmt":"2024-07-31T07:51:30","slug":"05-metas-no-index-y-no-follow","status":"publish","type":"page","link":"https:\/\/sutilweb.eu\/index.php\/seo-marketing\/consejos-seo-on-page\/05-metas-no-index-y-no-follow\/","title":{"rendered":"05. Metas No Index y No Follow"},"content":{"rendered":"\n<p>Contenidos relacionados sobre cuando usar las Metas <strong>No Index<\/strong> y <strong>No Follow<\/strong>.<\/p>\n\n\n\n<!--more-->\n\n\n\n<ul class=\"wp-block-list\">\n<li>Las p\u00e1ginas <strong>No Index<\/strong> no se indexan en <strong>Google<\/strong> pero acumulan <strong>Page Rank<\/strong>.<\/li>\n\n\n\n<li>Un enlace <strong>No Follow<\/strong> no pasa <strong>Page Rank<\/strong> pero si lo consume como si lo pasara.<\/li>\n<\/ul>\n\n\n\n<p>No indexar las p\u00e1ginas de <strong><em>Pol\u00edtica de Cookies<\/em><\/strong>, <strong><em>Aviso Legal<\/em><\/strong> y <strong><em>Privacidad<\/em><\/strong>. As\u00ed se evita un posible contenido duplicado.<\/p>\n\n\n\n<p>En general no se recomienda utilizar el <strong>No Follow<\/strong> nunca en enlaces internos. El <strong>No Follow<\/strong> tiene como concepto no hacerse \u201cresponsable\u201d de cara a <strong>Google<\/strong> del contenido externo de la p\u00e1gina. Se suele usar en los comentarios y as\u00ed tambi\u00e9n evita el <strong>Spam<\/strong> en los mismos para conseguir enlaces <strong>Do Follow.<\/strong><\/p>\n","protected":false},"excerpt":{"rendered":"<p>Contenidos relacionados sobre cuando usar las Metas No Index y No Follow.<\/p>\n","protected":false},"author":1,"featured_media":0,"parent":956,"menu_order":4,"comment_status":"closed","ping_status":"closed","template":"","meta":{"_uag_custom_page_level_css":"","site-sidebar-layout":"default","site-content-layout":"","ast-site-content-layout":"default","site-content-style":"default","site-sidebar-style":"default","ast-global-header-display":"","ast-banner-title-visibility":"","ast-main-header-display":"","ast-hfb-above-header-display":"","ast-hfb-below-header-display":"","ast-hfb-mobile-header-display":"","site-post-title":"","ast-breadcrumbs-content":"","ast-featured-img":"","footer-sml-layout":"","ast-disable-related-posts":"","theme-transparent-header-meta":"","adv-header-id-meta":"","stick-header-meta":"","header-above-stick-meta":"","header-main-stick-meta":"","header-below-stick-meta":"","astra-migrate-meta-layouts":"default","ast-page-background-enabled":"default","ast-page-background-meta":{"desktop":{"background-color":"var(--ast-global-color-4)","background-image":"","background-repeat":"repeat","background-position":"center center","background-size":"auto","background-attachment":"scroll","background-type":"","background-media":"","overlay-type":"","overlay-color":"","overlay-opacity":"","overlay-gradient":""},"tablet":{"background-color":"","background-image":"","background-repeat":"repeat","background-position":"center center","background-size":"auto","background-attachment":"scroll","background-type":"","background-media":"","overlay-type":"","overlay-color":"","overlay-opacity":"","overlay-gradient":""},"mobile":{"background-color":"","background-image":"","background-repeat":"repeat","background-position":"center center","background-size":"auto","background-attachment":"scroll","background-type":"","background-media":"","overlay-type":"","overlay-color":"","overlay-opacity":"","overlay-gradient":""}},"ast-content-background-meta":{"desktop":{"background-color":"var(--ast-global-color-5)","background-image":"","background-repeat":"repeat","background-position":"center center","background-size":"auto","background-attachment":"scroll","background-type":"","background-media":"","overlay-type":"","overlay-color":"","overlay-opacity":"","overlay-gradient":""},"tablet":{"background-color":"var(--ast-global-color-5)","background-image":"","background-repeat":"repeat","background-position":"center center","background-size":"auto","background-attachment":"scroll","background-type":"","background-media":"","overlay-type":"","overlay-color":"","overlay-opacity":"","overlay-gradient":""},"mobile":{"background-color":"var(--ast-global-color-5)","background-image":"","background-repeat":"repeat","background-position":"center center","background-size":"auto","background-attachment":"scroll","background-type":"","background-media":"","overlay-type":"","overlay-color":"","overlay-opacity":"","overlay-gradient":""}},"footnotes":""},"class_list":["post-971","page","type-page","status-publish","hentry"],"uagb_featured_image_src":{"full":false,"thumbnail":false,"medium":false,"medium_large":false,"large":false,"1536x1536":false,"2048x2048":false},"uagb_author_info":{"display_name":"Sutil Web","author_link":"https:\/\/sutilweb.eu\/index.php\/author\/sutilweb\/"},"uagb_comment_info":0,"uagb_excerpt":"Contenidos relacionados sobre cuando usar las Metas No Index y No Follow.","_links":{"self":[{"href":"https:\/\/sutilweb.eu\/index.php\/wp-json\/wp\/v2\/pages\/971","targetHints":{"allow":["GET"]}}],"collection":[{"href":"https:\/\/sutilweb.eu\/index.php\/wp-json\/wp\/v2\/pages"}],"about":[{"href":"https:\/\/sutilweb.eu\/index.php\/wp-json\/wp\/v2\/types\/page"}],"author":[{"embeddable":true,"href":"https:\/\/sutilweb.eu\/index.php\/wp-json\/wp\/v2\/users\/1"}],"replies":[{"embeddable":true,"href":"https:\/\/sutilweb.eu\/index.php\/wp-json\/wp\/v2\/comments?post=971"}],"version-history":[{"count":2,"href":"https:\/\/sutilweb.eu\/index.php\/wp-json\/wp\/v2\/pages\/971\/revisions"}],"predecessor-version":[{"id":973,"href":"https:\/\/sutilweb.eu\/index.php\/wp-json\/wp\/v2\/pages\/971\/revisions\/973"}],"up":[{"embeddable":true,"href":"https:\/\/sutilweb.eu\/index.php\/wp-json\/wp\/v2\/pages\/956"}],"wp:attachment":[{"href":"https:\/\/sutilweb.eu\/index.php\/wp-json\/wp\/v2\/media?parent=971"}],"curies":[{"name":"wp","href":"https:\/\/api.w.org\/{rel}","templated":true}]}}