{"id":4238,"date":"2024-10-11T17:20:45","date_gmt":"2024-10-11T15:20:45","guid":{"rendered":"https:\/\/blog.sutilweb.eu\/?page_id=4238"},"modified":"2024-10-11T17:20:46","modified_gmt":"2024-10-11T15:20:46","slug":"16-inbound-marketing","status":"publish","type":"page","link":"https:\/\/sutilweb.eu\/index.php\/seo-marketing\/marketing-digital\/16-inbound-marketing\/","title":{"rendered":"16. Inbound Marketing"},"content":{"rendered":"\n<p>La <strong>metodolog\u00eda inbound<\/strong> es un enfoque que apunta al crecimiento de nuestra empresa creando relaciones significativas y duraderas con los <strong>consumidores<\/strong>, <strong>prospectos <\/strong>y <strong>clientes<\/strong>. B\u00e1sicamente consiste en proporcionarles elementos que les permitan alcanzar sus metas en todas y cada una de las etapas del recorrido que realizan junto a nuestra empresa.<\/p>\n\n\n\n<h2 class=\"wp-block-heading\">Etapas del Inbound Marketing<\/h2>\n\n\n\n<h3 class=\"wp-block-heading\">Primera etapa: Atraer<\/h3>\n\n\n\n<p>La primera etapa es <strong>atraer a nuestro cliente potencial<\/strong>, como lo hacemos, estas son algunas de las cosas que podemos hacer:<\/p>\n\n\n\n<ul class=\"wp-block-list\">\n<li>Anuncios<\/li>\n\n\n\n<li>Video<\/li>\n\n\n\n<li>Publicaci\u00f3n en blogs<\/li>\n\n\n\n<li>Redes sociales<\/li>\n\n\n\n<li>Estrategia de contenido<\/li>\n<\/ul>\n\n\n\n<h3 class=\"wp-block-heading\">Segunda etapa: Interactuar<\/h3>\n\n\n\n<p>Las herramientas que tenemos para interactuar son:<\/p>\n\n\n\n<ul class=\"wp-block-list\">\n<li>Flujos de oportunidades de venta<\/li>\n\n\n\n<li>Email Marketing<\/li>\n\n\n\n<li>Gesti\u00f3n de oportunidades de venta<\/li>\n\n\n\n<li>Bots conversacionales<\/li>\n\n\n\n<li>Automatizaci\u00f3n del marketing<\/li>\n<\/ul>\n\n\n\n<h3 class=\"wp-block-heading\">Tercera etapa: Deleitar<\/h3>\n\n\n\n<p><strong>Deleitar<\/strong> significa <strong>mantener al cliente feliz<\/strong>. Es el \u00faltimo paso y las herramientas o estrategias que podemos usar o hacer son:<\/p>\n\n\n\n<ul class=\"wp-block-list\">\n<li>Contenido inteligente<\/li>\n\n\n\n<li>Email Marketing<\/li>\n\n\n\n<li>Bandeja de entrada de conversaciones<\/li>\n\n\n\n<li>Informes de atribuci\u00f3n<\/li>\n\n\n\n<li>Automatizaci\u00f3n del marketing<\/li>\n<\/ul>\n\n\n\n<h2 class=\"wp-block-heading\">CRM<\/h2>\n\n\n\n<p>Todo ello lo aplico con un <strong>CRM<\/strong>, que es una estrategia de negocio que se encarga de entender y anticipar las necesidades de los clientes actuales y potenciales de una empresa. El CRM guarda la informaci\u00f3n de todos los usuarios para poder tener una mejor relaci\u00f3n con ellos, ya que a trav\u00e9s de este sistema la empresa podr\u00e1 captar, conocer la conducta y fidelizar al cliente.<\/p>\n\n\n\n<p>Los CRMs sirven para <strong>mejorar las relaciones con los clientes<\/strong>, ayudando a establecer las preferencias particulares de cada uno y a tener un mejor seguimiento con la informaci\u00f3n almacenada, la cual est\u00e1 formada por:<\/p>\n\n\n\n<ul class=\"wp-block-list\">\n<li>Tel\u00e9fono<\/li>\n\n\n\n<li>Email<\/li>\n\n\n\n<li>Necesidades<\/li>\n\n\n\n<li>Gustos<\/li>\n\n\n\n<li>Frecuencia de visitas<\/li>\n\n\n\n<li>Opiniones de la marca<\/li>\n\n\n\n<li>Quejas e incidencias<\/li>\n\n\n\n<li>Presupuesto \/ Proformas<\/li>\n<\/ul>\n\n\n\n<p>Toda la informaci\u00f3n recopilada ayuda a que la empresa pueda hacer <strong>campa\u00f1as de marketing<\/strong>, <strong>gestionar las ventas<\/strong>, <strong>gestionar los ingresos<\/strong>, las <strong>reclamaciones<\/strong>, <strong>consultas<\/strong>, <strong>presupuesto<\/strong> y <strong>facturaci\u00f3n<\/strong>, <strong>atenci\u00f3n personalizada<\/strong>&#8230;<\/p>\n","protected":false},"excerpt":{"rendered":"<p>La metodolog\u00eda inbound es un enfoque que apunta al crecimiento de nuestra empresa creando relaciones significativas y duraderas con los [&hellip;]<\/p>\n","protected":false},"author":1,"featured_media":0,"parent":3933,"menu_order":15,"comment_status":"closed","ping_status":"closed","template":"","meta":{"_uag_custom_page_level_css":"","site-sidebar-layout":"default","site-content-layout":"","ast-site-content-layout":"default","site-content-style":"default","site-sidebar-style":"default","ast-global-header-display":"","ast-banner-title-visibility":"","ast-main-header-display":"","ast-hfb-above-header-display":"","ast-hfb-below-header-display":"","ast-hfb-mobile-header-display":"","site-post-title":"","ast-breadcrumbs-content":"","ast-featured-img":"","footer-sml-layout":"","ast-disable-related-posts":"","theme-transparent-header-meta":"","adv-header-id-meta":"","stick-header-meta":"","header-above-stick-meta":"","header-main-stick-meta":"","header-below-stick-meta":"","astra-migrate-meta-layouts":"default","ast-page-background-enabled":"default","ast-page-background-meta":{"desktop":{"background-color":"var(--ast-global-color-4)","background-image":"","background-repeat":"repeat","background-position":"center center","background-size":"auto","background-attachment":"scroll","background-type":"","background-media":"","overlay-type":"","overlay-color":"","overlay-opacity":"","overlay-gradient":""},"tablet":{"background-color":"","background-image":"","background-repeat":"repeat","background-position":"center center","background-size":"auto","background-attachment":"scroll","background-type":"","background-media":"","overlay-type":"","overlay-color":"","overlay-opacity":"","overlay-gradient":""},"mobile":{"background-color":"","background-image":"","background-repeat":"repeat","background-position":"center center","background-size":"auto","background-attachment":"scroll","background-type":"","background-media":"","overlay-type":"","overlay-color":"","overlay-opacity":"","overlay-gradient":""}},"ast-content-background-meta":{"desktop":{"background-color":"var(--ast-global-color-5)","background-image":"","background-repeat":"repeat","background-position":"center center","background-size":"auto","background-attachment":"scroll","background-type":"","background-media":"","overlay-type":"","overlay-color":"","overlay-opacity":"","overlay-gradient":""},"tablet":{"background-color":"var(--ast-global-color-5)","background-image":"","background-repeat":"repeat","background-position":"center center","background-size":"auto","background-attachment":"scroll","background-type":"","background-media":"","overlay-type":"","overlay-color":"","overlay-opacity":"","overlay-gradient":""},"mobile":{"background-color":"var(--ast-global-color-5)","background-image":"","background-repeat":"repeat","background-position":"center center","background-size":"auto","background-attachment":"scroll","background-type":"","background-media":"","overlay-type":"","overlay-color":"","overlay-opacity":"","overlay-gradient":""}},"footnotes":""},"class_list":["post-4238","page","type-page","status-publish","hentry"],"uagb_featured_image_src":{"full":false,"thumbnail":false,"medium":false,"medium_large":false,"large":false,"1536x1536":false,"2048x2048":false},"uagb_author_info":{"display_name":"Sutil Web","author_link":"https:\/\/sutilweb.eu\/index.php\/author\/sutilweb\/"},"uagb_comment_info":0,"uagb_excerpt":"La metodolog\u00eda inbound es un enfoque que apunta al crecimiento de nuestra empresa creando relaciones significativas y duraderas con los [&hellip;]","_links":{"self":[{"href":"https:\/\/sutilweb.eu\/index.php\/wp-json\/wp\/v2\/pages\/4238","targetHints":{"allow":["GET"]}}],"collection":[{"href":"https:\/\/sutilweb.eu\/index.php\/wp-json\/wp\/v2\/pages"}],"about":[{"href":"https:\/\/sutilweb.eu\/index.php\/wp-json\/wp\/v2\/types\/page"}],"author":[{"embeddable":true,"href":"https:\/\/sutilweb.eu\/index.php\/wp-json\/wp\/v2\/users\/1"}],"replies":[{"embeddable":true,"href":"https:\/\/sutilweb.eu\/index.php\/wp-json\/wp\/v2\/comments?post=4238"}],"version-history":[{"count":12,"href":"https:\/\/sutilweb.eu\/index.php\/wp-json\/wp\/v2\/pages\/4238\/revisions"}],"predecessor-version":[{"id":4322,"href":"https:\/\/sutilweb.eu\/index.php\/wp-json\/wp\/v2\/pages\/4238\/revisions\/4322"}],"up":[{"embeddable":true,"href":"https:\/\/sutilweb.eu\/index.php\/wp-json\/wp\/v2\/pages\/3933"}],"wp:attachment":[{"href":"https:\/\/sutilweb.eu\/index.php\/wp-json\/wp\/v2\/media?parent=4238"}],"curies":[{"name":"wp","href":"https:\/\/api.w.org\/{rel}","templated":true}]}}