{"id":3832,"date":"2024-10-03T09:52:09","date_gmt":"2024-10-03T07:52:09","guid":{"rendered":"https:\/\/blog.sutilweb.eu\/?page_id=3832"},"modified":"2024-10-03T09:52:10","modified_gmt":"2024-10-03T07:52:10","slug":"44-como-crear-cupones-de-descuento-en-prestashop-8","status":"publish","type":"page","link":"https:\/\/sutilweb.eu\/index.php\/cmss-frameworks\/prestashop\/prestashop-8\/44-como-crear-cupones-de-descuento-en-prestashop-8\/","title":{"rendered":"44. C\u00f3mo Crear Cupones de Descuento en PrestaShop 8"},"content":{"rendered":"\n<p>Para crear cupones de descuento la ruta a seguir es <em><strong>VENDER -> Cat\u00e1logo -> Descuentos<\/strong><\/em>. Y encontraremos la pesta\u00f1a <em><strong>Reglas del carrito<\/strong><\/em>, es donde podemos encontrar los cupones de descuento. Para ello hacemos clic en el bot\u00f3n <em><strong>A\u00f1adir una nueva regla de carrito<\/strong><\/em> y vemos 3 pesta\u00f1as con varios par\u00e1metros en cada una de ellas:<\/p>\n\n\n\n<ul class=\"wp-block-list\">\n<li>Informaci\u00f3n\n<ul class=\"wp-block-list\">\n<li>Nombre: que nombre le ponemos al cup\u00f3n de descuento, por ejm, <em>Fidelizaci\u00f3n.<\/em><\/li>\n\n\n\n<li>Descripci\u00f3n: a\u00f1adimos una peque\u00f1a descripci\u00f3n.<\/li>\n\n\n\n<li>C\u00f3digo: si no ponemos ning\u00fan c\u00f3digo, se nos aplicar\u00e1 el descuento de forma autom\u00e1tica si cumple los requisitos que pongamos posteriormente.<\/li>\n\n\n\n<li>Resaltar: si est\u00e1 activo aparecer\u00e1 directamente en el carrito para que hagamos clic y se aplique. No tiene mucho sentido activarlo.<\/li>\n\n\n\n<li>Uso parcial: si lo activamos, podemos hacer el uso parcial junto con otros.<\/li>\n\n\n\n<li>Prioridad: si tiene uso parcial, que prioridad tiene ante otros cupones<\/li>\n\n\n\n<li>Estado: indica si est\u00e1 o no activo.<\/li>\n<\/ul>\n<\/li>\n\n\n\n<li>Condiciones\n<ul class=\"wp-block-list\">\n<li>Limitar a un s\u00f3lo cliente: buscamos el cliente en s\u00ed en el buscador que tenemos.<\/li>\n\n\n\n<li>V\u00e1lido: si dejamos la misma fecha de entrada y salida, significa que ser\u00e1 v\u00e1lido indefinidamente<\/li>\n\n\n\n<li>Importe m\u00ednimo: podemos poner un importe m\u00ednimo para obtener el cup\u00f3n.<\/li>\n\n\n\n<li>Total disponible: total de cupones disponibles.<\/li>\n\n\n\n<li>Total disponible para cada usuario: normalmente su valor es 1, ya que si ponemos m\u00e1s, el usuario puede reutilizar el mismo cup\u00f3n repetidas veces.<\/li>\n\n\n\n<li>Restricciones (elegimos que normas restrictivas queremos usar para los cupones). Existen 3 opciones.\n<ul class=\"wp-block-list\">\n<li>Selecci\u00f3n de transportista<\/li>\n\n\n\n<li>Selecci\u00f3n de grupos de clientes<\/li>\n\n\n\n<li>Selecci\u00f3n de producto<\/li>\n<\/ul>\n<\/li>\n<\/ul>\n<\/li>\n\n\n\n<li>Acciones: en esta pesta\u00f1a decidimos qu\u00e9 queremos que haga el cup\u00f3n, los par\u00e1metros que podemos configurar son:\n<ul class=\"wp-block-list\">\n<li>Env\u00edo gratuito<\/li>\n\n\n\n<li>Aplicar un descuento\n<ul class=\"wp-block-list\">\n<li>Porcentaje<\/li>\n\n\n\n<li>Importe<\/li>\n\n\n\n<li>Ninguno<\/li>\n<\/ul>\n<\/li>\n\n\n\n<li>Excluir productos con descuento<\/li>\n\n\n\n<li>Enviar un regalo<\/li>\n<\/ul>\n<\/li>\n<\/ul>\n","protected":false},"excerpt":{"rendered":"<p>Para crear cupones de descuento la ruta a seguir es VENDER -> Cat\u00e1logo -> Descuentos. Y encontraremos la pesta\u00f1a Reglas [&hellip;]<\/p>\n","protected":false},"author":1,"featured_media":0,"parent":2580,"menu_order":43,"comment_status":"closed","ping_status":"closed","template":"","meta":{"_uag_custom_page_level_css":"","site-sidebar-layout":"default","site-content-layout":"","ast-site-content-layout":"default","site-content-style":"default","site-sidebar-style":"default","ast-global-header-display":"","ast-banner-title-visibility":"","ast-main-header-display":"","ast-hfb-above-header-display":"","ast-hfb-below-header-display":"","ast-hfb-mobile-header-display":"","site-post-title":"","ast-breadcrumbs-content":"","ast-featured-img":"","footer-sml-layout":"","ast-disable-related-posts":"","theme-transparent-header-meta":"","adv-header-id-meta":"","stick-header-meta":"","header-above-stick-meta":"","header-main-stick-meta":"","header-below-stick-meta":"","astra-migrate-meta-layouts":"default","ast-page-background-enabled":"default","ast-page-background-meta":{"desktop":{"background-color":"var(--ast-global-color-4)","background-image":"","background-repeat":"repeat","background-position":"center center","background-size":"auto","background-attachment":"scroll","background-type":"","background-media":"","overlay-type":"","overlay-color":"","overlay-opacity":"","overlay-gradient":""},"tablet":{"background-color":"","background-image":"","background-repeat":"repeat","background-position":"center center","background-size":"auto","background-attachment":"scroll","background-type":"","background-media":"","overlay-type":"","overlay-color":"","overlay-opacity":"","overlay-gradient":""},"mobile":{"background-color":"","background-image":"","background-repeat":"repeat","background-position":"center center","background-size":"auto","background-attachment":"scroll","background-type":"","background-media":"","overlay-type":"","overlay-color":"","overlay-opacity":"","overlay-gradient":""}},"ast-content-background-meta":{"desktop":{"background-color":"var(--ast-global-color-5)","background-image":"","background-repeat":"repeat","background-position":"center center","background-size":"auto","background-attachment":"scroll","background-type":"","background-media":"","overlay-type":"","overlay-color":"","overlay-opacity":"","overlay-gradient":""},"tablet":{"background-color":"var(--ast-global-color-5)","background-image":"","background-repeat":"repeat","background-position":"center center","background-size":"auto","background-attachment":"scroll","background-type":"","background-media":"","overlay-type":"","overlay-color":"","overlay-opacity":"","overlay-gradient":""},"mobile":{"background-color":"var(--ast-global-color-5)","background-image":"","background-repeat":"repeat","background-position":"center center","background-size":"auto","background-attachment":"scroll","background-type":"","background-media":"","overlay-type":"","overlay-color":"","overlay-opacity":"","overlay-gradient":""}},"footnotes":""},"class_list":["post-3832","page","type-page","status-publish","hentry"],"uagb_featured_image_src":{"full":false,"thumbnail":false,"medium":false,"medium_large":false,"large":false,"1536x1536":false,"2048x2048":false},"uagb_author_info":{"display_name":"Sutil Web","author_link":"https:\/\/sutilweb.eu\/index.php\/author\/sutilweb\/"},"uagb_comment_info":0,"uagb_excerpt":"Para crear cupones de descuento la ruta a seguir es VENDER -> Cat\u00e1logo -> Descuentos. Y encontraremos la pesta\u00f1a Reglas [&hellip;]","_links":{"self":[{"href":"https:\/\/sutilweb.eu\/index.php\/wp-json\/wp\/v2\/pages\/3832","targetHints":{"allow":["GET"]}}],"collection":[{"href":"https:\/\/sutilweb.eu\/index.php\/wp-json\/wp\/v2\/pages"}],"about":[{"href":"https:\/\/sutilweb.eu\/index.php\/wp-json\/wp\/v2\/types\/page"}],"author":[{"embeddable":true,"href":"https:\/\/sutilweb.eu\/index.php\/wp-json\/wp\/v2\/users\/1"}],"replies":[{"embeddable":true,"href":"https:\/\/sutilweb.eu\/index.php\/wp-json\/wp\/v2\/comments?post=3832"}],"version-history":[{"count":21,"href":"https:\/\/sutilweb.eu\/index.php\/wp-json\/wp\/v2\/pages\/3832\/revisions"}],"predecessor-version":[{"id":3853,"href":"https:\/\/sutilweb.eu\/index.php\/wp-json\/wp\/v2\/pages\/3832\/revisions\/3853"}],"up":[{"embeddable":true,"href":"https:\/\/sutilweb.eu\/index.php\/wp-json\/wp\/v2\/pages\/2580"}],"wp:attachment":[{"href":"https:\/\/sutilweb.eu\/index.php\/wp-json\/wp\/v2\/media?parent=3832"}],"curies":[{"name":"wp","href":"https:\/\/api.w.org\/{rel}","templated":true}]}}