{"id":354,"date":"2024-05-21T12:34:10","date_gmt":"2024-05-21T10:34:10","guid":{"rendered":"https:\/\/blog.sutilweb.eu\/?page_id=354"},"modified":"2024-05-21T12:34:10","modified_gmt":"2024-05-21T10:34:10","slug":"17-tablas","status":"publish","type":"page","link":"https:\/\/sutilweb.eu\/index.php\/lenguajes\/html5\/html5-practico\/17-tablas\/","title":{"rendered":"17. Tablas"},"content":{"rendered":"\n<p>A principios de los 2000 las <strong>tablas<\/strong> se llegaron a utilizar como t\u00e9cnica para maquetar, como forma de distribuir las zonas de contenido. Hoy en d\u00eda tenemos m\u00f3dulos como <strong>Flexbox<\/strong> o <strong>Grid CSS<\/strong> para ello, por lo que las <strong>tablas<\/strong> ya no se utilizan, tan s\u00f3lo se utilizan para tabular datos, que siempre fue su cometido inicial.<\/p>\n\n\n\n<h2 class=\"wp-block-heading\">Sintaxis<\/h2>\n\n\n\n<p>Una sintaxis t\u00edpica de tabla es la siguiente.<\/p>\n\n\n\n<p><strong>Ejm<\/strong><\/p>\n\n\n\n<pre class=\"wp-block-preformatted\">&lt;!DOCTYPE html&gt;\n&lt;html lang=\"en\"&gt;\n&nbsp; &lt;head&gt;\n&nbsp; &nbsp; &lt;meta charset=\"UTF-8\" \/&gt;\n&nbsp; &nbsp; &lt;meta name=\"viewport\" content=\"width=device-width, initial-scale=1.0\" \/&gt;\n&nbsp; &nbsp; &lt;title&gt;Tablas&lt;\/title&gt;\n&nbsp; &lt;\/head&gt;\n\n&nbsp; &lt;body&gt;\n&nbsp; &nbsp; &lt;h1&gt;Tablas&lt;\/h1&gt;\n\n&nbsp; &nbsp; &lt;table&gt;\n&nbsp; &nbsp; &nbsp; &lt;thead&gt;\n&nbsp; &nbsp; &nbsp; &nbsp; &lt;tr&gt;\n&nbsp; &nbsp; &nbsp; &nbsp; &nbsp; &lt;th colspan=\"3\"&gt;Datos personales&lt;\/th&gt;\n&nbsp; &nbsp; &nbsp; &nbsp; &lt;\/tr&gt;\n&nbsp; &nbsp; &nbsp; &nbsp; &lt;tr&gt;\n&nbsp; &nbsp; &nbsp; &nbsp; &nbsp; &lt;th&gt;Nombre&lt;\/th&gt;\n&nbsp; &nbsp; &nbsp; &nbsp; &nbsp; &lt;th&gt;Apellidos&lt;\/th&gt;\n&nbsp; &nbsp; &nbsp; &nbsp; &nbsp; &lt;th&gt;Edad&lt;\/th&gt;\n&nbsp; &nbsp; &nbsp; &nbsp; &lt;\/tr&gt;\n&nbsp; &nbsp; &nbsp; &lt;\/thead&gt;\n&nbsp; &nbsp; &nbsp; &lt;tbody&gt;\n&nbsp; &nbsp; &nbsp; &nbsp; &lt;tr&gt;\n&nbsp; &nbsp; &nbsp; &nbsp; &nbsp; &lt;td rowspan=\"2\"&gt;Francisco&lt;\/td&gt;\n&nbsp; &nbsp; &nbsp; &nbsp; &nbsp; &lt;td&gt;Paredes&lt;\/td&gt;\n&nbsp; &nbsp; &nbsp; &nbsp; &nbsp; &lt;td&gt;51&lt;\/td&gt;\n&nbsp; &nbsp; &nbsp; &nbsp; &lt;\/tr&gt;\n&nbsp; &nbsp; &nbsp; &nbsp; &lt;tr&gt;\n&nbsp; &nbsp; &nbsp; &nbsp; &nbsp; &lt;!-- &lt;td&gt;Francisco&lt;\/td&gt; --&gt;\n&nbsp; &nbsp; &nbsp; &nbsp; &nbsp; &lt;td&gt;Parrales&lt;\/td&gt;\n&nbsp; &nbsp; &nbsp; &nbsp; &nbsp; &lt;td&gt;52&lt;\/td&gt;\n&nbsp; &nbsp; &nbsp; &nbsp; &lt;\/tr&gt;\n&nbsp; &nbsp; &nbsp; &nbsp; &lt;tr&gt;\n&nbsp; &nbsp; &nbsp; &nbsp; &nbsp; &lt;td&gt;In\u00e9s&lt;\/td&gt;\n&nbsp; &nbsp; &nbsp; &nbsp; &nbsp; &lt;td&gt;Paredes&lt;\/td&gt;\n&nbsp; &nbsp; &nbsp; &nbsp; &nbsp; &lt;td&gt;48&lt;\/td&gt;\n&nbsp; &nbsp; &nbsp; &nbsp; &lt;\/tr&gt;\n&nbsp; &nbsp; &nbsp; &lt;\/tbody&gt;\n&nbsp; &nbsp; &nbsp; &lt;tfoot&gt;\n&nbsp; &nbsp; &nbsp; &nbsp; &lt;tr&gt;\n&nbsp; &nbsp; &nbsp; &nbsp; &nbsp; &lt;th colspan=\"3\"&gt;Datos personales&lt;\/th&gt;\n&nbsp; &nbsp; &nbsp; &nbsp; &lt;\/tr&gt;\n&nbsp; &nbsp; &nbsp; &lt;\/tfoot&gt;\n&nbsp; &nbsp; &lt;\/table&gt;\n&nbsp; &lt;\/body&gt;\n&lt;\/html&gt;<\/pre>\n","protected":false},"excerpt":{"rendered":"<p>A principios de los 2000 las tablas se llegaron a utilizar como t\u00e9cnica para maquetar, como forma de distribuir las [&hellip;]<\/p>\n","protected":false},"author":1,"featured_media":0,"parent":89,"menu_order":16,"comment_status":"closed","ping_status":"closed","template":"","meta":{"_uag_custom_page_level_css":"","site-sidebar-layout":"default","site-content-layout":"","ast-site-content-layout":"default","site-content-style":"default","site-sidebar-style":"default","ast-global-header-display":"","ast-banner-title-visibility":"","ast-main-header-display":"","ast-hfb-above-header-display":"","ast-hfb-below-header-display":"","ast-hfb-mobile-header-display":"","site-post-title":"","ast-breadcrumbs-content":"","ast-featured-img":"","footer-sml-layout":"","ast-disable-related-posts":"","theme-transparent-header-meta":"","adv-header-id-meta":"","stick-header-meta":"","header-above-stick-meta":"","header-main-stick-meta":"","header-below-stick-meta":"","astra-migrate-meta-layouts":"default","ast-page-background-enabled":"default","ast-page-background-meta":{"desktop":{"background-color":"var(--ast-global-color-4)","background-image":"","background-repeat":"repeat","background-position":"center center","background-size":"auto","background-attachment":"scroll","background-type":"","background-media":"","overlay-type":"","overlay-color":"","overlay-opacity":"","overlay-gradient":""},"tablet":{"background-color":"","background-image":"","background-repeat":"repeat","background-position":"center center","background-size":"auto","background-attachment":"scroll","background-type":"","background-media":"","overlay-type":"","overlay-color":"","overlay-opacity":"","overlay-gradient":""},"mobile":{"background-color":"","background-image":"","background-repeat":"repeat","background-position":"center center","background-size":"auto","background-attachment":"scroll","background-type":"","background-media":"","overlay-type":"","overlay-color":"","overlay-opacity":"","overlay-gradient":""}},"ast-content-background-meta":{"desktop":{"background-color":"var(--ast-global-color-5)","background-image":"","background-repeat":"repeat","background-position":"center center","background-size":"auto","background-attachment":"scroll","background-type":"","background-media":"","overlay-type":"","overlay-color":"","overlay-opacity":"","overlay-gradient":""},"tablet":{"background-color":"var(--ast-global-color-5)","background-image":"","background-repeat":"repeat","background-position":"center center","background-size":"auto","background-attachment":"scroll","background-type":"","background-media":"","overlay-type":"","overlay-color":"","overlay-opacity":"","overlay-gradient":""},"mobile":{"background-color":"var(--ast-global-color-5)","background-image":"","background-repeat":"repeat","background-position":"center center","background-size":"auto","background-attachment":"scroll","background-type":"","background-media":"","overlay-type":"","overlay-color":"","overlay-opacity":"","overlay-gradient":""}},"footnotes":""},"class_list":["post-354","page","type-page","status-publish","hentry"],"uagb_featured_image_src":{"full":false,"thumbnail":false,"medium":false,"medium_large":false,"large":false,"1536x1536":false,"2048x2048":false},"uagb_author_info":{"display_name":"Sutil Web","author_link":"https:\/\/sutilweb.eu\/index.php\/author\/sutilweb\/"},"uagb_comment_info":0,"uagb_excerpt":"A principios de los 2000 las tablas se llegaron a utilizar como t\u00e9cnica para maquetar, como forma de distribuir las [&hellip;]","_links":{"self":[{"href":"https:\/\/sutilweb.eu\/index.php\/wp-json\/wp\/v2\/pages\/354","targetHints":{"allow":["GET"]}}],"collection":[{"href":"https:\/\/sutilweb.eu\/index.php\/wp-json\/wp\/v2\/pages"}],"about":[{"href":"https:\/\/sutilweb.eu\/index.php\/wp-json\/wp\/v2\/types\/page"}],"author":[{"embeddable":true,"href":"https:\/\/sutilweb.eu\/index.php\/wp-json\/wp\/v2\/users\/1"}],"replies":[{"embeddable":true,"href":"https:\/\/sutilweb.eu\/index.php\/wp-json\/wp\/v2\/comments?post=354"}],"version-history":[{"count":2,"href":"https:\/\/sutilweb.eu\/index.php\/wp-json\/wp\/v2\/pages\/354\/revisions"}],"predecessor-version":[{"id":356,"href":"https:\/\/sutilweb.eu\/index.php\/wp-json\/wp\/v2\/pages\/354\/revisions\/356"}],"up":[{"embeddable":true,"href":"https:\/\/sutilweb.eu\/index.php\/wp-json\/wp\/v2\/pages\/89"}],"wp:attachment":[{"href":"https:\/\/sutilweb.eu\/index.php\/wp-json\/wp\/v2\/media?parent=354"}],"curies":[{"name":"wp","href":"https:\/\/api.w.org\/{rel}","templated":true}]}}