{"id":3464,"date":"2024-10-01T12:25:37","date_gmt":"2024-10-01T10:25:37","guid":{"rendered":"https:\/\/blog.sutilweb.eu\/?page_id=3464"},"modified":"2024-10-01T12:25:38","modified_gmt":"2024-10-01T10:25:38","slug":"22-gestion-de-facturacion-en-prestashop-8","status":"publish","type":"page","link":"https:\/\/sutilweb.eu\/index.php\/cmss-frameworks\/prestashop\/prestashop-8\/22-gestion-de-facturacion-en-prestashop-8\/","title":{"rendered":"22. Gesti\u00f3n de facturaci\u00f3n en PrestaShop 8"},"content":{"rendered":"\n<p>En este cap\u00edtulo veremos como generar las facturas en nuestro Prestashop, para ello, como siempre, accedemos a nuestro Back Office, y dentro de la secci\u00f3n <em><strong>VENDER<\/strong><\/em> <em><strong>-> Pedidos<\/strong><\/em>, tenemos la secci\u00f3n <em><strong>Facturas<\/strong><\/em>, donde encontraremos las siguientes opciones:<\/p>\n\n\n\n<ul class=\"wp-block-list\">\n<li>Por fecha: podemos generar un archivo PDF con todas las facturas entre dos fechas.<\/li>\n\n\n\n<li>Por estado de pedidos: podemos generar un archivo PDF de los estados que seleccionemos.<\/li>\n\n\n\n<li>Opciones de factura: es la parte m\u00e1s importante, donde encontramos diferentes opciones\n<ul class=\"wp-block-list\">\n<li><em><strong>Activa las facturas<\/strong><\/em>: la marcaremos como activa si queremos que se generen.<\/li>\n\n\n\n<li><em><strong>Activar desglose de impuestos<\/strong><\/em>.<\/li>\n\n\n\n<li><em><strong>Activar imagen del producto<\/strong><\/em>.<\/li>\n\n\n\n<li><em><strong>Prefijo de la factura<\/strong><\/em>: por defecto pone #FA<\/li>\n\n\n\n<li><em><strong>A\u00f1adir el a\u00f1o actual en el n\u00famero de factura<\/strong><\/em>.<\/li>\n\n\n\n<li><em><strong>Restablecer el n\u00famero de factura secuencial a principios de a\u00f1o<\/strong><\/em>: es mejor activarlo directamente para que de forma autom\u00e1tica se restablezca el n\u00famero.<\/li>\n\n\n\n<li><em><strong>N\u00famero de factura<\/strong><\/em>: le indicamos el n\u00famero de factura desde el que deseamos comenzar, esto es \u00fatil en el caso de que tengamos facturas creadas con anterioridad.<\/li>\n\n\n\n<li><em><strong>Texto legal libre<\/strong><\/em>: es donde tenemos que poner el CIF, la direcci\u00f3n de la empresa, todo el texto legal de una factura en Espa\u00f1a, de quien factura.<\/li>\n\n\n\n<li><em><strong>Texto de pie de p\u00e1gina<\/strong><\/em>: texto adicional donde podemos poner lo que necesitemos o queramos.<\/li>\n\n\n\n<li><em><strong>Modelo de factura<\/strong><\/em>: tenemos varios modelos, utilizar el que m\u00e1s nos guste.<\/li>\n\n\n\n<li><em><strong>Utilizar el disco como cach\u00e9 para facturas PDF<\/strong><\/em>: significa que Prestashop por defecto la autofactura la genera en el momento en que le damos al bot\u00f3n. Es conveniente tener este campo desactivado.<\/li>\n<\/ul>\n<\/li>\n<\/ul>\n","protected":false},"excerpt":{"rendered":"<p>En este cap\u00edtulo veremos como generar las facturas en nuestro Prestashop, para ello, como siempre, accedemos a nuestro Back Office, [&hellip;]<\/p>\n","protected":false},"author":1,"featured_media":0,"parent":2580,"menu_order":21,"comment_status":"closed","ping_status":"closed","template":"","meta":{"_uag_custom_page_level_css":"","site-sidebar-layout":"default","site-content-layout":"","ast-site-content-layout":"default","site-content-style":"default","site-sidebar-style":"default","ast-global-header-display":"","ast-banner-title-visibility":"","ast-main-header-display":"","ast-hfb-above-header-display":"","ast-hfb-below-header-display":"","ast-hfb-mobile-header-display":"","site-post-title":"","ast-breadcrumbs-content":"","ast-featured-img":"","footer-sml-layout":"","ast-disable-related-posts":"","theme-transparent-header-meta":"","adv-header-id-meta":"","stick-header-meta":"","header-above-stick-meta":"","header-main-stick-meta":"","header-below-stick-meta":"","astra-migrate-meta-layouts":"default","ast-page-background-enabled":"default","ast-page-background-meta":{"desktop":{"background-color":"var(--ast-global-color-4)","background-image":"","background-repeat":"repeat","background-position":"center center","background-size":"auto","background-attachment":"scroll","background-type":"","background-media":"","overlay-type":"","overlay-color":"","overlay-opacity":"","overlay-gradient":""},"tablet":{"background-color":"","background-image":"","background-repeat":"repeat","background-position":"center center","background-size":"auto","background-attachment":"scroll","background-type":"","background-media":"","overlay-type":"","overlay-color":"","overlay-opacity":"","overlay-gradient":""},"mobile":{"background-color":"","background-image":"","background-repeat":"repeat","background-position":"center center","background-size":"auto","background-attachment":"scroll","background-type":"","background-media":"","overlay-type":"","overlay-color":"","overlay-opacity":"","overlay-gradient":""}},"ast-content-background-meta":{"desktop":{"background-color":"var(--ast-global-color-5)","background-image":"","background-repeat":"repeat","background-position":"center center","background-size":"auto","background-attachment":"scroll","background-type":"","background-media":"","overlay-type":"","overlay-color":"","overlay-opacity":"","overlay-gradient":""},"tablet":{"background-color":"var(--ast-global-color-5)","background-image":"","background-repeat":"repeat","background-position":"center center","background-size":"auto","background-attachment":"scroll","background-type":"","background-media":"","overlay-type":"","overlay-color":"","overlay-opacity":"","overlay-gradient":""},"mobile":{"background-color":"var(--ast-global-color-5)","background-image":"","background-repeat":"repeat","background-position":"center center","background-size":"auto","background-attachment":"scroll","background-type":"","background-media":"","overlay-type":"","overlay-color":"","overlay-opacity":"","overlay-gradient":""}},"footnotes":""},"class_list":["post-3464","page","type-page","status-publish","hentry"],"uagb_featured_image_src":{"full":false,"thumbnail":false,"medium":false,"medium_large":false,"large":false,"1536x1536":false,"2048x2048":false},"uagb_author_info":{"display_name":"Sutil Web","author_link":"https:\/\/sutilweb.eu\/index.php\/author\/sutilweb\/"},"uagb_comment_info":0,"uagb_excerpt":"En este cap\u00edtulo veremos como generar las facturas en nuestro Prestashop, para ello, como siempre, accedemos a nuestro Back Office, [&hellip;]","_links":{"self":[{"href":"https:\/\/sutilweb.eu\/index.php\/wp-json\/wp\/v2\/pages\/3464","targetHints":{"allow":["GET"]}}],"collection":[{"href":"https:\/\/sutilweb.eu\/index.php\/wp-json\/wp\/v2\/pages"}],"about":[{"href":"https:\/\/sutilweb.eu\/index.php\/wp-json\/wp\/v2\/types\/page"}],"author":[{"embeddable":true,"href":"https:\/\/sutilweb.eu\/index.php\/wp-json\/wp\/v2\/users\/1"}],"replies":[{"embeddable":true,"href":"https:\/\/sutilweb.eu\/index.php\/wp-json\/wp\/v2\/comments?post=3464"}],"version-history":[{"count":28,"href":"https:\/\/sutilweb.eu\/index.php\/wp-json\/wp\/v2\/pages\/3464\/revisions"}],"predecessor-version":[{"id":3492,"href":"https:\/\/sutilweb.eu\/index.php\/wp-json\/wp\/v2\/pages\/3464\/revisions\/3492"}],"up":[{"embeddable":true,"href":"https:\/\/sutilweb.eu\/index.php\/wp-json\/wp\/v2\/pages\/2580"}],"wp:attachment":[{"href":"https:\/\/sutilweb.eu\/index.php\/wp-json\/wp\/v2\/media?parent=3464"}],"curies":[{"name":"wp","href":"https:\/\/api.w.org\/{rel}","templated":true}]}}