{"id":3443,"date":"2024-10-01T12:09:16","date_gmt":"2024-10-01T10:09:16","guid":{"rendered":"https:\/\/blog.sutilweb.eu\/?page_id=3443"},"modified":"2024-10-01T12:09:17","modified_gmt":"2024-10-01T10:09:17","slug":"21-gestion-de-pedidos-en-prestashop-8","status":"publish","type":"page","link":"https:\/\/sutilweb.eu\/index.php\/cmss-frameworks\/prestashop\/prestashop-8\/21-gestion-de-pedidos-en-prestashop-8\/","title":{"rendered":"21. Gesti\u00f3n de pedidos en PrestaShop 8"},"content":{"rendered":"\n<p>En este cap\u00edtulo vamos a ver la gesti\u00f3n de los pedidos y todo lo que conlleva su gesti\u00f3n desde nuestro <strong>Prestashop<\/strong>.<\/p>\n\n\n\n<p>Cuando accedemos a nuestro Back Office, en la secci\u00f3n <em><strong>Vender<\/strong><\/em> lo primero que aparecen son los <em><strong>Pedidos<\/strong><\/em>, donde encontraremos muchas opciones, aunque en nuestro caso nos vamos a centrar en la opci\u00f3n <em><strong>Pedidos<\/strong><\/em>, donde encontraremos una p\u00e1gina m\u00e1s o menos como la siguiente que mostramos.<\/p>\n\n\n\n<figure class=\"wp-block-image size-large\"><img loading=\"lazy\" decoding=\"async\" width=\"1024\" height=\"439\" src=\"https:\/\/blog.sutilweb.eu\/wp-content\/uploads\/2024\/10\/Gestion-de-los-pedidos-en-Prestashop-8-1024x439.png\" alt=\"\" class=\"wp-image-3450\" srcset=\"https:\/\/sutilweb.eu\/wp-content\/uploads\/2024\/10\/Gestion-de-los-pedidos-en-Prestashop-8-1024x439.png 1024w, https:\/\/sutilweb.eu\/wp-content\/uploads\/2024\/10\/Gestion-de-los-pedidos-en-Prestashop-8-300x129.png 300w, https:\/\/sutilweb.eu\/wp-content\/uploads\/2024\/10\/Gestion-de-los-pedidos-en-Prestashop-8-768x329.png 768w, https:\/\/sutilweb.eu\/wp-content\/uploads\/2024\/10\/Gestion-de-los-pedidos-en-Prestashop-8-1536x659.png 1536w, https:\/\/sutilweb.eu\/wp-content\/uploads\/2024\/10\/Gestion-de-los-pedidos-en-Prestashop-8-2048x878.png 2048w, https:\/\/sutilweb.eu\/wp-content\/uploads\/2024\/10\/Gestion-de-los-pedidos-en-Prestashop-8-1320x566.png 1320w\" sizes=\"auto, (max-width: 1024px) 100vw, 1024px\" \/><\/figure>\n\n\n\n<p>Como podemos ver, lo que aparece es un listado de todos los pedidos que tenemos en nuestro Prestashop, ordenado de manera descendente por fecha, donde los \u00faltimos pedidos aparecer\u00e1n los primeros, adem\u00e1s tenemos un buscador. Tambi\u00e9n, podemos ver un peque\u00f1o desglose o resumen haciendo clic en la flecha que aparece cuando acercamos el rat\u00f3n al n\u00famero de pedido, donde aparecer\u00e1 el <em>transportista<\/em>, el <em>n\u00famero de seguimiento<\/em>, los <em>detalles del env\u00edo<\/em>, la <em>direcci\u00f3n de email<\/em>, los <em>productos que se han comprado<\/em> con su correspondiente referencia de producto, qu\u00e9 cantidad y qu\u00e9 precio.<\/p>\n\n\n\n<p>Adem\u00e1s de todo ello, nosotros podemos cambiar el estado de dicho pedido haciendo clic en la casilla del estado que queramos cambiar.<\/p>\n","protected":false},"excerpt":{"rendered":"<p>En este cap\u00edtulo vamos a ver la gesti\u00f3n de los pedidos y todo lo que conlleva su gesti\u00f3n desde nuestro [&hellip;]<\/p>\n","protected":false},"author":1,"featured_media":0,"parent":2580,"menu_order":20,"comment_status":"closed","ping_status":"closed","template":"","meta":{"_uag_custom_page_level_css":"","site-sidebar-layout":"default","site-content-layout":"","ast-site-content-layout":"default","site-content-style":"default","site-sidebar-style":"default","ast-global-header-display":"","ast-banner-title-visibility":"","ast-main-header-display":"","ast-hfb-above-header-display":"","ast-hfb-below-header-display":"","ast-hfb-mobile-header-display":"","site-post-title":"","ast-breadcrumbs-content":"","ast-featured-img":"","footer-sml-layout":"","ast-disable-related-posts":"","theme-transparent-header-meta":"","adv-header-id-meta":"","stick-header-meta":"","header-above-stick-meta":"","header-main-stick-meta":"","header-below-stick-meta":"","astra-migrate-meta-layouts":"default","ast-page-background-enabled":"default","ast-page-background-meta":{"desktop":{"background-color":"var(--ast-global-color-4)","background-image":"","background-repeat":"repeat","background-position":"center center","background-size":"auto","background-attachment":"scroll","background-type":"","background-media":"","overlay-type":"","overlay-color":"","overlay-opacity":"","overlay-gradient":""},"tablet":{"background-color":"","background-image":"","background-repeat":"repeat","background-position":"center center","background-size":"auto","background-attachment":"scroll","background-type":"","background-media":"","overlay-type":"","overlay-color":"","overlay-opacity":"","overlay-gradient":""},"mobile":{"background-color":"","background-image":"","background-repeat":"repeat","background-position":"center center","background-size":"auto","background-attachment":"scroll","background-type":"","background-media":"","overlay-type":"","overlay-color":"","overlay-opacity":"","overlay-gradient":""}},"ast-content-background-meta":{"desktop":{"background-color":"var(--ast-global-color-5)","background-image":"","background-repeat":"repeat","background-position":"center center","background-size":"auto","background-attachment":"scroll","background-type":"","background-media":"","overlay-type":"","overlay-color":"","overlay-opacity":"","overlay-gradient":""},"tablet":{"background-color":"var(--ast-global-color-5)","background-image":"","background-repeat":"repeat","background-position":"center center","background-size":"auto","background-attachment":"scroll","background-type":"","background-media":"","overlay-type":"","overlay-color":"","overlay-opacity":"","overlay-gradient":""},"mobile":{"background-color":"var(--ast-global-color-5)","background-image":"","background-repeat":"repeat","background-position":"center center","background-size":"auto","background-attachment":"scroll","background-type":"","background-media":"","overlay-type":"","overlay-color":"","overlay-opacity":"","overlay-gradient":""}},"footnotes":""},"class_list":["post-3443","page","type-page","status-publish","hentry"],"uagb_featured_image_src":{"full":false,"thumbnail":false,"medium":false,"medium_large":false,"large":false,"1536x1536":false,"2048x2048":false},"uagb_author_info":{"display_name":"Sutil Web","author_link":"https:\/\/sutilweb.eu\/index.php\/author\/sutilweb\/"},"uagb_comment_info":0,"uagb_excerpt":"En este cap\u00edtulo vamos a ver la gesti\u00f3n de los pedidos y todo lo que conlleva su gesti\u00f3n desde nuestro [&hellip;]","_links":{"self":[{"href":"https:\/\/sutilweb.eu\/index.php\/wp-json\/wp\/v2\/pages\/3443","targetHints":{"allow":["GET"]}}],"collection":[{"href":"https:\/\/sutilweb.eu\/index.php\/wp-json\/wp\/v2\/pages"}],"about":[{"href":"https:\/\/sutilweb.eu\/index.php\/wp-json\/wp\/v2\/types\/page"}],"author":[{"embeddable":true,"href":"https:\/\/sutilweb.eu\/index.php\/wp-json\/wp\/v2\/users\/1"}],"replies":[{"embeddable":true,"href":"https:\/\/sutilweb.eu\/index.php\/wp-json\/wp\/v2\/comments?post=3443"}],"version-history":[{"count":19,"href":"https:\/\/sutilweb.eu\/index.php\/wp-json\/wp\/v2\/pages\/3443\/revisions"}],"predecessor-version":[{"id":3463,"href":"https:\/\/sutilweb.eu\/index.php\/wp-json\/wp\/v2\/pages\/3443\/revisions\/3463"}],"up":[{"embeddable":true,"href":"https:\/\/sutilweb.eu\/index.php\/wp-json\/wp\/v2\/pages\/2580"}],"wp:attachment":[{"href":"https:\/\/sutilweb.eu\/index.php\/wp-json\/wp\/v2\/media?parent=3443"}],"curies":[{"name":"wp","href":"https:\/\/api.w.org\/{rel}","templated":true}]}}