{"id":3033,"date":"2024-09-10T14:15:19","date_gmt":"2024-09-10T12:15:19","guid":{"rendered":"https:\/\/blog.sutilweb.eu\/?page_id=3033"},"modified":"2024-09-10T14:15:21","modified_gmt":"2024-09-10T12:15:21","slug":"09-configurar-proveedores-en-prestashop-8","status":"publish","type":"page","link":"https:\/\/sutilweb.eu\/index.php\/cmss-frameworks\/prestashop\/prestashop-8\/09-configurar-proveedores-en-prestashop-8\/","title":{"rendered":"09. Configurar proveedores en Prestashop 8"},"content":{"rendered":"\n<p>La ruta a seguir es <em><strong>Cat\u00e1logo -> Marca y Proveedores<\/strong><\/em>, y hacemos clic en la opci\u00f3n <em><strong>Proveedores<\/strong><\/em>. Los proveedores podemos o no mostrarlos en la tienda, lo normal es no mostrarlos (estar desactivados) y que los tengamos de forma interna para saber qu\u00e9 productos est\u00e1n asociados a qu\u00e9 proveedor actualizaciones o para llevar un control o hacer integraciones con RP&#8230;<\/p>\n\n\n\n<p>Para crear un nuevo proveedor tan s\u00f3lo tenemos que hacer clic en el bot\u00f3n <em><strong>A\u00f1adir nuevo proveedor<\/strong><\/em> y rellenar los campos que necesitemos rellenar.<\/p>\n\n\n\n<figure class=\"wp-block-image size-large\"><img loading=\"lazy\" decoding=\"async\" width=\"1024\" height=\"859\" src=\"https:\/\/blog.sutilweb.eu\/wp-content\/uploads\/2024\/09\/Proveedores-1024x859.png\" alt=\"\" class=\"wp-image-3042\" srcset=\"https:\/\/sutilweb.eu\/wp-content\/uploads\/2024\/09\/Proveedores-1024x859.png 1024w, https:\/\/sutilweb.eu\/wp-content\/uploads\/2024\/09\/Proveedores-300x252.png 300w, https:\/\/sutilweb.eu\/wp-content\/uploads\/2024\/09\/Proveedores-768x644.png 768w, https:\/\/sutilweb.eu\/wp-content\/uploads\/2024\/09\/Proveedores-1536x1289.png 1536w, https:\/\/sutilweb.eu\/wp-content\/uploads\/2024\/09\/Proveedores-1320x1108.png 1320w, https:\/\/sutilweb.eu\/wp-content\/uploads\/2024\/09\/Proveedores.png 1660w\" sizes=\"auto, (max-width: 1024px) 100vw, 1024px\" \/><\/figure>\n","protected":false},"excerpt":{"rendered":"<p>La ruta a seguir es Cat\u00e1logo -> Marca y Proveedores, y hacemos clic en la opci\u00f3n Proveedores. Los proveedores podemos [&hellip;]<\/p>\n","protected":false},"author":1,"featured_media":0,"parent":2580,"menu_order":8,"comment_status":"closed","ping_status":"closed","template":"","meta":{"_uag_custom_page_level_css":"","site-sidebar-layout":"default","site-content-layout":"","ast-site-content-layout":"default","site-content-style":"default","site-sidebar-style":"default","ast-global-header-display":"","ast-banner-title-visibility":"","ast-main-header-display":"","ast-hfb-above-header-display":"","ast-hfb-below-header-display":"","ast-hfb-mobile-header-display":"","site-post-title":"","ast-breadcrumbs-content":"","ast-featured-img":"","footer-sml-layout":"","ast-disable-related-posts":"","theme-transparent-header-meta":"","adv-header-id-meta":"","stick-header-meta":"","header-above-stick-meta":"","header-main-stick-meta":"","header-below-stick-meta":"","astra-migrate-meta-layouts":"default","ast-page-background-enabled":"default","ast-page-background-meta":{"desktop":{"background-color":"var(--ast-global-color-4)","background-image":"","background-repeat":"repeat","background-position":"center center","background-size":"auto","background-attachment":"scroll","background-type":"","background-media":"","overlay-type":"","overlay-color":"","overlay-opacity":"","overlay-gradient":""},"tablet":{"background-color":"","background-image":"","background-repeat":"repeat","background-position":"center center","background-size":"auto","background-attachment":"scroll","background-type":"","background-media":"","overlay-type":"","overlay-color":"","overlay-opacity":"","overlay-gradient":""},"mobile":{"background-color":"","background-image":"","background-repeat":"repeat","background-position":"center center","background-size":"auto","background-attachment":"scroll","background-type":"","background-media":"","overlay-type":"","overlay-color":"","overlay-opacity":"","overlay-gradient":""}},"ast-content-background-meta":{"desktop":{"background-color":"var(--ast-global-color-5)","background-image":"","background-repeat":"repeat","background-position":"center center","background-size":"auto","background-attachment":"scroll","background-type":"","background-media":"","overlay-type":"","overlay-color":"","overlay-opacity":"","overlay-gradient":""},"tablet":{"background-color":"var(--ast-global-color-5)","background-image":"","background-repeat":"repeat","background-position":"center center","background-size":"auto","background-attachment":"scroll","background-type":"","background-media":"","overlay-type":"","overlay-color":"","overlay-opacity":"","overlay-gradient":""},"mobile":{"background-color":"var(--ast-global-color-5)","background-image":"","background-repeat":"repeat","background-position":"center center","background-size":"auto","background-attachment":"scroll","background-type":"","background-media":"","overlay-type":"","overlay-color":"","overlay-opacity":"","overlay-gradient":""}},"footnotes":""},"class_list":["post-3033","page","type-page","status-publish","hentry"],"uagb_featured_image_src":{"full":false,"thumbnail":false,"medium":false,"medium_large":false,"large":false,"1536x1536":false,"2048x2048":false},"uagb_author_info":{"display_name":"Sutil Web","author_link":"https:\/\/sutilweb.eu\/index.php\/author\/sutilweb\/"},"uagb_comment_info":0,"uagb_excerpt":"La ruta a seguir es Cat\u00e1logo -> Marca y Proveedores, y hacemos clic en la opci\u00f3n Proveedores. Los proveedores podemos [&hellip;]","_links":{"self":[{"href":"https:\/\/sutilweb.eu\/index.php\/wp-json\/wp\/v2\/pages\/3033","targetHints":{"allow":["GET"]}}],"collection":[{"href":"https:\/\/sutilweb.eu\/index.php\/wp-json\/wp\/v2\/pages"}],"about":[{"href":"https:\/\/sutilweb.eu\/index.php\/wp-json\/wp\/v2\/types\/page"}],"author":[{"embeddable":true,"href":"https:\/\/sutilweb.eu\/index.php\/wp-json\/wp\/v2\/users\/1"}],"replies":[{"embeddable":true,"href":"https:\/\/sutilweb.eu\/index.php\/wp-json\/wp\/v2\/comments?post=3033"}],"version-history":[{"count":9,"href":"https:\/\/sutilweb.eu\/index.php\/wp-json\/wp\/v2\/pages\/3033\/revisions"}],"predecessor-version":[{"id":3043,"href":"https:\/\/sutilweb.eu\/index.php\/wp-json\/wp\/v2\/pages\/3033\/revisions\/3043"}],"up":[{"embeddable":true,"href":"https:\/\/sutilweb.eu\/index.php\/wp-json\/wp\/v2\/pages\/2580"}],"wp:attachment":[{"href":"https:\/\/sutilweb.eu\/index.php\/wp-json\/wp\/v2\/media?parent=3033"}],"curies":[{"name":"wp","href":"https:\/\/api.w.org\/{rel}","templated":true}]}}