{"id":2627,"date":"2024-09-10T11:56:52","date_gmt":"2024-09-10T09:56:52","guid":{"rendered":"https:\/\/blog.sutilweb.eu\/?page_id=2627"},"modified":"2024-09-10T11:56:52","modified_gmt":"2024-09-10T09:56:52","slug":"02-configuracion-basica-de-la-tienda-en-prestashop-8","status":"publish","type":"page","link":"https:\/\/sutilweb.eu\/index.php\/cmss-frameworks\/prestashop\/prestashop-8\/02-configuracion-basica-de-la-tienda-en-prestashop-8\/","title":{"rendered":"02. Configuraci\u00f3n b\u00e1sica de la tienda en Prestashop 8"},"content":{"rendered":"\n<p>En este cap\u00edtulo vamos a ver la configuraci\u00f3n b\u00e1sica de <strong>Prestashop 8<\/strong> una vez lo tenemos instalado.<\/p>\n\n\n\n<h2 class=\"wp-block-heading\">Cambiar la URL de Administraci\u00f3n<\/h2>\n\n\n\n<p>Lo primero que vamos a hacer es ver si queremos cambiar la <strong>URL<\/strong> de Administraci\u00f3n, la cual se compone del nombre del dominio seguido de Admin y seguido de letras y n\u00fameros, cuya misi\u00f3n es dificultar que usuarios no deseados puedan acceder a nuestra zona de administraci\u00f3n. La manera m\u00e1s sencilla para cambiar dicha URL es cambiar la carpeta que lleva su mismo nombre, para ello accedemos a todos los archivos de nuestro Prestashop de la forma que queramos (v\u00eda FTP, a trav\u00e9s de la URL donde se encuentren nuestros archivos&#8230;). Como hemos dicho, encontramos un directorio en nuestra carpeta del mismo nombre que la URL actual de acceso a nuestro admin. Lo \u00fanico que tenemos que hacer es cambiar el nombre de la carpeta. Le ponemos el nombre que deseemos (Backoffice por ejm).<\/p>\n\n\n\n<h2 class=\"wp-block-heading\">Configuraci\u00f3n b\u00e1sica de Prestashop a nivel de tienda<\/h2>\n\n\n\n<p>Lo primero que vamos a hacer es configurar nuestro Prestashop a nivel de tienda, para ello vamos a <em><strong>Par\u00e1metros de la tienda->Configuraci\u00f3n<\/strong><\/em>, en dicha configuraci\u00f3n lo primero que vemos es <strong>Activar SSL<\/strong>, por defecto est\u00e1 desactivada. Una vez lo tenemos activo, lo siguiente es <strong>activarlo para todas las p\u00e1ginas<\/strong> (es la segunda opci\u00f3n que ver\u00e1s m\u00e1s abajo de Activar SSL). Tambi\u00e9n es conveniente <strong>activar iFrames en los campos HTML<\/strong>, que por defecto viene desactivada esta casilla. La casilla <em><strong>Mostrar proveedores <\/strong><\/em>viene desactivada por defecto ya que no es lo normal que esta casilla est\u00e9 activa. Si desactivamos <em><strong>Mostrar productos m\u00e1s vendidos<\/strong><\/em> no se mostrar\u00e1 la p\u00e1gina que los muestra. Podemos activar la opci\u00f3n <em><strong>Activar Multitienda<\/strong><\/em> si quisi\u00e9ramos esta opci\u00f3n.<\/p>\n\n\n\n<h2 class=\"wp-block-heading\">Configuraci\u00f3n de Tr\u00e1fico y SEO<\/h2>\n\n\n\n<p>La siguiente configuraci\u00f3n que tenemos que tratar es la configuraci\u00f3n de <strong>tr\u00e1fico y SEO<\/strong>, para ello nos vamos al enlace <em><strong>Tr\u00e1fico y SEO<\/strong><\/em>, que igualmente encontraremos en el men\u00fa <em><strong>Configuraci\u00f3n<\/strong><\/em>. Y de ah\u00ed nos tenemos que ir al apartado <em><strong>Configuraci\u00f3n de URLs<\/strong><\/em>. Por defecto la casilla <em><strong>URL amigable<\/strong><\/em> viene activa, si no fuera as\u00ed la activamos. El segundo paso es la casilla <em><strong>Redirigir a la URL can\u00f3nica<\/strong><\/em>, donde por defecto, Prestashop pone <em><strong>302 Movido temporalmente (recomendado mientras configuras tu tienda)<\/strong><\/em>. Lo mejor es poner siempre un <em><strong>301<\/strong><\/em>.<\/p>\n\n\n\n<h2 class=\"wp-block-heading\">Rendimiento<\/h2>\n\n\n\n<p>El \u00faltimo paso que vamos a dar es el rendimiento, para ello seguimos la ruta <em><strong>Par\u00e1metros avanzados -&gt; Rendimiento<\/strong><\/em>. Donde encontraremos la casilla <em><strong>Compilaci\u00f3n de plantillas<\/strong><\/em> con el valor <em><strong>Nunca recompilar los archivos de las plantillas<\/strong><\/em>. Vamos a cambiar este valor por el valor <em><strong>Recompilar las plantillas cuando los archivos sean modificados<\/strong><\/em>. De esta manera nos olvidamos de tener que estar borrando cach\u00e9.<\/p>\n\n\n\n<p>Esta es la configuraci\u00f3n m\u00e1s b\u00e1sica de nuestro Prestashop, a partir de ahora ya podemos comenzar a trabajar en la configuraci\u00f3n de la tienda. <\/p>\n","protected":false},"excerpt":{"rendered":"<p>En este cap\u00edtulo vamos a ver la configuraci\u00f3n b\u00e1sica de Prestashop 8 una vez lo tenemos instalado. Cambiar la URL [&hellip;]<\/p>\n","protected":false},"author":1,"featured_media":0,"parent":2580,"menu_order":1,"comment_status":"closed","ping_status":"closed","template":"","meta":{"_uag_custom_page_level_css":"","site-sidebar-layout":"default","site-content-layout":"","ast-site-content-layout":"default","site-content-style":"default","site-sidebar-style":"default","ast-global-header-display":"","ast-banner-title-visibility":"","ast-main-header-display":"","ast-hfb-above-header-display":"","ast-hfb-below-header-display":"","ast-hfb-mobile-header-display":"","site-post-title":"","ast-breadcrumbs-content":"","ast-featured-img":"","footer-sml-layout":"","ast-disable-related-posts":"","theme-transparent-header-meta":"","adv-header-id-meta":"","stick-header-meta":"","header-above-stick-meta":"","header-main-stick-meta":"","header-below-stick-meta":"","astra-migrate-meta-layouts":"default","ast-page-background-enabled":"default","ast-page-background-meta":{"desktop":{"background-color":"var(--ast-global-color-4)","background-image":"","background-repeat":"repeat","background-position":"center center","background-size":"auto","background-attachment":"scroll","background-type":"","background-media":"","overlay-type":"","overlay-color":"","overlay-opacity":"","overlay-gradient":""},"tablet":{"background-color":"","background-image":"","background-repeat":"repeat","background-position":"center center","background-size":"auto","background-attachment":"scroll","background-type":"","background-media":"","overlay-type":"","overlay-color":"","overlay-opacity":"","overlay-gradient":""},"mobile":{"background-color":"","background-image":"","background-repeat":"repeat","background-position":"center center","background-size":"auto","background-attachment":"scroll","background-type":"","background-media":"","overlay-type":"","overlay-color":"","overlay-opacity":"","overlay-gradient":""}},"ast-content-background-meta":{"desktop":{"background-color":"var(--ast-global-color-5)","background-image":"","background-repeat":"repeat","background-position":"center center","background-size":"auto","background-attachment":"scroll","background-type":"","background-media":"","overlay-type":"","overlay-color":"","overlay-opacity":"","overlay-gradient":""},"tablet":{"background-color":"var(--ast-global-color-5)","background-image":"","background-repeat":"repeat","background-position":"center center","background-size":"auto","background-attachment":"scroll","background-type":"","background-media":"","overlay-type":"","overlay-color":"","overlay-opacity":"","overlay-gradient":""},"mobile":{"background-color":"var(--ast-global-color-5)","background-image":"","background-repeat":"repeat","background-position":"center center","background-size":"auto","background-attachment":"scroll","background-type":"","background-media":"","overlay-type":"","overlay-color":"","overlay-opacity":"","overlay-gradient":""}},"footnotes":""},"class_list":["post-2627","page","type-page","status-publish","hentry"],"uagb_featured_image_src":{"full":false,"thumbnail":false,"medium":false,"medium_large":false,"large":false,"1536x1536":false,"2048x2048":false},"uagb_author_info":{"display_name":"Sutil Web","author_link":"https:\/\/sutilweb.eu\/index.php\/author\/sutilweb\/"},"uagb_comment_info":0,"uagb_excerpt":"En este cap\u00edtulo vamos a ver la configuraci\u00f3n b\u00e1sica de Prestashop 8 una vez lo tenemos instalado. Cambiar la URL [&hellip;]","_links":{"self":[{"href":"https:\/\/sutilweb.eu\/index.php\/wp-json\/wp\/v2\/pages\/2627","targetHints":{"allow":["GET"]}}],"collection":[{"href":"https:\/\/sutilweb.eu\/index.php\/wp-json\/wp\/v2\/pages"}],"about":[{"href":"https:\/\/sutilweb.eu\/index.php\/wp-json\/wp\/v2\/types\/page"}],"author":[{"embeddable":true,"href":"https:\/\/sutilweb.eu\/index.php\/wp-json\/wp\/v2\/users\/1"}],"replies":[{"embeddable":true,"href":"https:\/\/sutilweb.eu\/index.php\/wp-json\/wp\/v2\/comments?post=2627"}],"version-history":[{"count":32,"href":"https:\/\/sutilweb.eu\/index.php\/wp-json\/wp\/v2\/pages\/2627\/revisions"}],"predecessor-version":[{"id":2903,"href":"https:\/\/sutilweb.eu\/index.php\/wp-json\/wp\/v2\/pages\/2627\/revisions\/2903"}],"up":[{"embeddable":true,"href":"https:\/\/sutilweb.eu\/index.php\/wp-json\/wp\/v2\/pages\/2580"}],"wp:attachment":[{"href":"https:\/\/sutilweb.eu\/index.php\/wp-json\/wp\/v2\/media?parent=2627"}],"curies":[{"name":"wp","href":"https:\/\/api.w.org\/{rel}","templated":true}]}}