{"id":1913,"date":"2024-08-03T09:08:42","date_gmt":"2024-08-03T07:08:42","guid":{"rendered":"https:\/\/blog.sutilweb.eu\/?page_id=1913"},"modified":"2024-08-03T09:08:43","modified_gmt":"2024-08-03T07:08:43","slug":"08-crear-un-blog-dentro-de-tu-web-wordpress","status":"publish","type":"page","link":"https:\/\/sutilweb.eu\/index.php\/cmss-frameworks\/wordpress-2\/wordpress-basico\/08-crear-un-blog-dentro-de-tu-web-wordpress\/","title":{"rendered":"08. Crear un blog dentro de tu web WordPress"},"content":{"rendered":"\n<p>Para crear un blog te explicamos los pasos que debes seguir.<\/p>\n\n\n\n<!--more-->\n\n\n\n<p><strong>Ve a <em>P\u00e1ginas &gt; A\u00f1adir Nueva<\/em><\/strong>y crea una p\u00e1gina de t\u00edtulo&nbsp;<strong>Blog<\/strong>&nbsp;(o cualquier otro t\u00edtulo que quieras ponerle al bot\u00f3n que va a servir para que los usuarios accedan a tus art\u00edculos). No es necesario que crees contenido dentro de la p\u00e1gina <strong>Blog<\/strong>, ahora explicamos c\u00f3mo hacer que esta p\u00e1gina muestre autom\u00e1ticamente todas las entradas que publiques en tu web <strong>WordPress<\/strong>.<\/p>\n\n\n\n<p>El siguiente paso que debes hacer es <strong>ir a <em>Ajustes &gt; Lectura<\/em><\/strong>&nbsp;y en <strong><em>P\u00e1gina Frontal Muestra<\/em><\/strong>, en <strong><em>P\u00e1gina de entradas<\/em><\/strong> selecciona la p\u00e1gina&nbsp;<em><strong>Blog<\/strong>&nbsp;<\/em>que has creado anteriormente y da a Guardar. Ya lo tienes. A partir de ahora, esta secci\u00f3n mostrar\u00e1 todas tus entradas ordenadas de m\u00e1s reciente a menos. Muy importante, no olvides volver a <em><strong>Apariencia &gt; Men\u00fas<\/strong><\/em> y colocar esta p\u00e1gina <strong><em>Blog<\/em> <\/strong>en el men\u00fa principal para que los usuarios puedan acceder.<\/p>\n\n\n\n<blockquote class=\"wp-block-quote is-layout-flow wp-block-quote-is-layout-flow\">\n<p><strong>Nota<\/strong>: si en lugar de una p\u00e1gina web corporativa con una p\u00e1gina de inicio al uso prefieres hacer un blog y nada m\u00e1s, en&nbsp;<strong><em>Ajustes &gt; Lectura<\/em>,<\/strong>&nbsp;en&nbsp;<strong>\u00abP\u00e1gina Frontal Muestra\u00bb<\/strong>&nbsp;selecciona&nbsp;<strong>Tus \u00faltimas entradas<\/strong>. Esto har\u00e1 que tu sitio muestre por defecto tus entradas directamente en tu p\u00e1gina de inicio.<\/p>\n<\/blockquote>\n","protected":false},"excerpt":{"rendered":"<p>Para crear un blog te explicamos los pasos que debes seguir.<\/p>\n","protected":false},"author":1,"featured_media":0,"parent":1877,"menu_order":7,"comment_status":"closed","ping_status":"closed","template":"","meta":{"_uag_custom_page_level_css":"","site-sidebar-layout":"default","site-content-layout":"","ast-site-content-layout":"default","site-content-style":"default","site-sidebar-style":"default","ast-global-header-display":"","ast-banner-title-visibility":"","ast-main-header-display":"","ast-hfb-above-header-display":"","ast-hfb-below-header-display":"","ast-hfb-mobile-header-display":"","site-post-title":"","ast-breadcrumbs-content":"","ast-featured-img":"","footer-sml-layout":"","ast-disable-related-posts":"","theme-transparent-header-meta":"","adv-header-id-meta":"","stick-header-meta":"","header-above-stick-meta":"","header-main-stick-meta":"","header-below-stick-meta":"","astra-migrate-meta-layouts":"default","ast-page-background-enabled":"default","ast-page-background-meta":{"desktop":{"background-color":"var(--ast-global-color-4)","background-image":"","background-repeat":"repeat","background-position":"center center","background-size":"auto","background-attachment":"scroll","background-type":"","background-media":"","overlay-type":"","overlay-color":"","overlay-opacity":"","overlay-gradient":""},"tablet":{"background-color":"","background-image":"","background-repeat":"repeat","background-position":"center center","background-size":"auto","background-attachment":"scroll","background-type":"","background-media":"","overlay-type":"","overlay-color":"","overlay-opacity":"","overlay-gradient":""},"mobile":{"background-color":"","background-image":"","background-repeat":"repeat","background-position":"center center","background-size":"auto","background-attachment":"scroll","background-type":"","background-media":"","overlay-type":"","overlay-color":"","overlay-opacity":"","overlay-gradient":""}},"ast-content-background-meta":{"desktop":{"background-color":"var(--ast-global-color-5)","background-image":"","background-repeat":"repeat","background-position":"center center","background-size":"auto","background-attachment":"scroll","background-type":"","background-media":"","overlay-type":"","overlay-color":"","overlay-opacity":"","overlay-gradient":""},"tablet":{"background-color":"var(--ast-global-color-5)","background-image":"","background-repeat":"repeat","background-position":"center center","background-size":"auto","background-attachment":"scroll","background-type":"","background-media":"","overlay-type":"","overlay-color":"","overlay-opacity":"","overlay-gradient":""},"mobile":{"background-color":"var(--ast-global-color-5)","background-image":"","background-repeat":"repeat","background-position":"center center","background-size":"auto","background-attachment":"scroll","background-type":"","background-media":"","overlay-type":"","overlay-color":"","overlay-opacity":"","overlay-gradient":""}},"footnotes":""},"class_list":["post-1913","page","type-page","status-publish","hentry"],"uagb_featured_image_src":{"full":false,"thumbnail":false,"medium":false,"medium_large":false,"large":false,"1536x1536":false,"2048x2048":false},"uagb_author_info":{"display_name":"Sutil Web","author_link":"https:\/\/sutilweb.eu\/index.php\/author\/sutilweb\/"},"uagb_comment_info":0,"uagb_excerpt":"Para crear un blog te explicamos los pasos que debes seguir.","_links":{"self":[{"href":"https:\/\/sutilweb.eu\/index.php\/wp-json\/wp\/v2\/pages\/1913","targetHints":{"allow":["GET"]}}],"collection":[{"href":"https:\/\/sutilweb.eu\/index.php\/wp-json\/wp\/v2\/pages"}],"about":[{"href":"https:\/\/sutilweb.eu\/index.php\/wp-json\/wp\/v2\/types\/page"}],"author":[{"embeddable":true,"href":"https:\/\/sutilweb.eu\/index.php\/wp-json\/wp\/v2\/users\/1"}],"replies":[{"embeddable":true,"href":"https:\/\/sutilweb.eu\/index.php\/wp-json\/wp\/v2\/comments?post=1913"}],"version-history":[{"count":2,"href":"https:\/\/sutilweb.eu\/index.php\/wp-json\/wp\/v2\/pages\/1913\/revisions"}],"predecessor-version":[{"id":1915,"href":"https:\/\/sutilweb.eu\/index.php\/wp-json\/wp\/v2\/pages\/1913\/revisions\/1915"}],"up":[{"embeddable":true,"href":"https:\/\/sutilweb.eu\/index.php\/wp-json\/wp\/v2\/pages\/1877"}],"wp:attachment":[{"href":"https:\/\/sutilweb.eu\/index.php\/wp-json\/wp\/v2\/media?parent=1913"}],"curies":[{"name":"wp","href":"https:\/\/api.w.org\/{rel}","templated":true}]}}