{"id":1903,"date":"2024-08-03T09:05:49","date_gmt":"2024-08-03T07:05:49","guid":{"rendered":"https:\/\/blog.sutilweb.eu\/?page_id=1903"},"modified":"2024-08-03T09:05:50","modified_gmt":"2024-08-03T07:05:50","slug":"06-insertar-widgets-en-wordpress","status":"publish","type":"page","link":"https:\/\/sutilweb.eu\/index.php\/cmss-frameworks\/wordpress-2\/wordpress-basico\/06-insertar-widgets-en-wordpress\/","title":{"rendered":"06. Insertar widgets en WordPress"},"content":{"rendered":"\n<h2 class=\"wp-block-heading\">\u00bfQu\u00e9 es un Widget?<\/h2>\n\n\n\n<p>Un <strong>Widget<\/strong> es una peque\u00f1a aplicaci\u00f3n que podemos colocar en nuestro sitio web, en los lugares habilitados para ello (<strong>\u00e1reas de Widget<\/strong>). Normalmente estas \u00e1reas suelen estar en las <strong>barras laterales<\/strong> (<strong>sidebar<\/strong>) izquierda o derecha, <strong>pies de p\u00e1gina<\/strong> (<strong>footer<\/strong>) y en ocasiones en <strong>cabeceras<\/strong> (<strong>header<\/strong>) y <strong>men\u00fas desplegables<\/strong> (<strong>side area<\/strong>). Esto va a depender en cada caso de la plantilla.<\/p>\n\n\n\n<!--more-->\n\n\n\n<p>Las <strong>plantillas premium<\/strong> suelen tener habilitadas m\u00e1s <strong>\u00e1reas de Widgets<\/strong>. Los <strong>Widgets<\/strong> que podemos colocar en nuestro sitio por defecto pueden ser diversos, entre los que est\u00e1n:<\/p>\n\n\n\n<ul class=\"wp-block-list\">\n<li>Entradas recientes<\/li>\n\n\n\n<li>Categor\u00edas del blog<\/li>\n\n\n\n<li>Calendario de publicaciones<\/li>\n\n\n\n<li>Timeline de Twitter<\/li>\n<\/ul>\n\n\n\n<p>Existen <strong>plugins<\/strong> que sirven para habilitar nuevos <strong>widgets<\/strong>, los cuales podremos cargar en nuestra <strong>\u00e1rea<\/strong> <strong>de Widgets<\/strong> una vez instalamos y activamos dicho <strong>plugin<\/strong>. Los <strong>widgets<\/strong> que solemos instalar mediante <strong>plugins<\/strong> son los de <strong>formularios de suscripci\u00f3n<\/strong>, <strong>formularios de reserva<\/strong>, <strong>perfiles sociales<\/strong>, etc.<\/p>\n\n\n\n<h2 class=\"wp-block-heading\">Colocar Widgets<\/h2>\n\n\n\n<p>La ruta que debemos seguir es la siguiente:<\/p>\n\n\n\n<pre class=\"wp-block-preformatted\">Apariencia &gt; Widgets<\/pre>\n\n\n\n<p>En esta secci\u00f3n tienes en la zona izquierda los widgets disponibles, los cuales podemos cargar en nuestro sitio, y en la zona derecha se mostrar\u00e1n las distintas \u00e1reas donde cargarlos.<\/p>\n\n\n\n<p>Para insertar un widget simplemente <strong>arrastra una caja de widget desde la zona izquierda a la derecha<\/strong>, justo en el \u00e1rea donde quieras ponerlo y listo. Carga uno de prueba, por ejemplo el de Calendario, y ve a&nbsp;<strong>Visitar Sitio<\/strong>&nbsp;para comprobar que efectivamente ya est\u00e1 insertado.<\/p>\n\n\n\n<blockquote class=\"wp-block-quote is-layout-flow wp-block-quote-is-layout-flow\">\n<p><strong>Nota<\/strong>: Los <strong>widgets<\/strong> no se ven en todas las p\u00e1ginas, s\u00f3lo en las p\u00e1ginas habilitadas para mostrar <strong>widgets<\/strong>(normalmente por defecto la secci\u00f3n <strong>Blog<\/strong> y las <strong>entradas<\/strong>). Mira en las opciones de tu sitio por si puedes habilitar <strong>\u00e1reas de widgets<\/strong> (<strong>Custom Widget Area<\/strong>) para las p\u00e1ginas comunes si lo necesitas<\/p>\n<\/blockquote>\n","protected":false},"excerpt":{"rendered":"<p>\u00bfQu\u00e9 es un Widget? Un Widget es una peque\u00f1a aplicaci\u00f3n que podemos colocar en nuestro sitio web, en los lugares [&hellip;]<\/p>\n","protected":false},"author":1,"featured_media":0,"parent":1877,"menu_order":5,"comment_status":"closed","ping_status":"closed","template":"","meta":{"_uag_custom_page_level_css":"","site-sidebar-layout":"default","site-content-layout":"","ast-site-content-layout":"default","site-content-style":"default","site-sidebar-style":"default","ast-global-header-display":"","ast-banner-title-visibility":"","ast-main-header-display":"","ast-hfb-above-header-display":"","ast-hfb-below-header-display":"","ast-hfb-mobile-header-display":"","site-post-title":"","ast-breadcrumbs-content":"","ast-featured-img":"","footer-sml-layout":"","ast-disable-related-posts":"","theme-transparent-header-meta":"","adv-header-id-meta":"","stick-header-meta":"","header-above-stick-meta":"","header-main-stick-meta":"","header-below-stick-meta":"","astra-migrate-meta-layouts":"default","ast-page-background-enabled":"default","ast-page-background-meta":{"desktop":{"background-color":"var(--ast-global-color-4)","background-image":"","background-repeat":"repeat","background-position":"center center","background-size":"auto","background-attachment":"scroll","background-type":"","background-media":"","overlay-type":"","overlay-color":"","overlay-opacity":"","overlay-gradient":""},"tablet":{"background-color":"","background-image":"","background-repeat":"repeat","background-position":"center center","background-size":"auto","background-attachment":"scroll","background-type":"","background-media":"","overlay-type":"","overlay-color":"","overlay-opacity":"","overlay-gradient":""},"mobile":{"background-color":"","background-image":"","background-repeat":"repeat","background-position":"center center","background-size":"auto","background-attachment":"scroll","background-type":"","background-media":"","overlay-type":"","overlay-color":"","overlay-opacity":"","overlay-gradient":""}},"ast-content-background-meta":{"desktop":{"background-color":"var(--ast-global-color-5)","background-image":"","background-repeat":"repeat","background-position":"center center","background-size":"auto","background-attachment":"scroll","background-type":"","background-media":"","overlay-type":"","overlay-color":"","overlay-opacity":"","overlay-gradient":""},"tablet":{"background-color":"var(--ast-global-color-5)","background-image":"","background-repeat":"repeat","background-position":"center center","background-size":"auto","background-attachment":"scroll","background-type":"","background-media":"","overlay-type":"","overlay-color":"","overlay-opacity":"","overlay-gradient":""},"mobile":{"background-color":"var(--ast-global-color-5)","background-image":"","background-repeat":"repeat","background-position":"center center","background-size":"auto","background-attachment":"scroll","background-type":"","background-media":"","overlay-type":"","overlay-color":"","overlay-opacity":"","overlay-gradient":""}},"footnotes":""},"class_list":["post-1903","page","type-page","status-publish","hentry"],"uagb_featured_image_src":{"full":false,"thumbnail":false,"medium":false,"medium_large":false,"large":false,"1536x1536":false,"2048x2048":false},"uagb_author_info":{"display_name":"Sutil Web","author_link":"https:\/\/sutilweb.eu\/index.php\/author\/sutilweb\/"},"uagb_comment_info":0,"uagb_excerpt":"\u00bfQu\u00e9 es un Widget? Un Widget es una peque\u00f1a aplicaci\u00f3n que podemos colocar en nuestro sitio web, en los lugares [&hellip;]","_links":{"self":[{"href":"https:\/\/sutilweb.eu\/index.php\/wp-json\/wp\/v2\/pages\/1903","targetHints":{"allow":["GET"]}}],"collection":[{"href":"https:\/\/sutilweb.eu\/index.php\/wp-json\/wp\/v2\/pages"}],"about":[{"href":"https:\/\/sutilweb.eu\/index.php\/wp-json\/wp\/v2\/types\/page"}],"author":[{"embeddable":true,"href":"https:\/\/sutilweb.eu\/index.php\/wp-json\/wp\/v2\/users\/1"}],"replies":[{"embeddable":true,"href":"https:\/\/sutilweb.eu\/index.php\/wp-json\/wp\/v2\/comments?post=1903"}],"version-history":[{"count":2,"href":"https:\/\/sutilweb.eu\/index.php\/wp-json\/wp\/v2\/pages\/1903\/revisions"}],"predecessor-version":[{"id":1905,"href":"https:\/\/sutilweb.eu\/index.php\/wp-json\/wp\/v2\/pages\/1903\/revisions\/1905"}],"up":[{"embeddable":true,"href":"https:\/\/sutilweb.eu\/index.php\/wp-json\/wp\/v2\/pages\/1877"}],"wp:attachment":[{"href":"https:\/\/sutilweb.eu\/index.php\/wp-json\/wp\/v2\/media?parent=1903"}],"curies":[{"name":"wp","href":"https:\/\/api.w.org\/{rel}","templated":true}]}}