{"id":1898,"date":"2024-08-03T09:04:32","date_gmt":"2024-08-03T07:04:32","guid":{"rendered":"https:\/\/blog.sutilweb.eu\/?page_id=1898"},"modified":"2024-08-03T09:04:34","modified_gmt":"2024-08-03T07:04:34","slug":"05-crear-un-menu-en-wordpress","status":"publish","type":"page","link":"https:\/\/sutilweb.eu\/index.php\/cmss-frameworks\/wordpress-2\/wordpress-basico\/05-crear-un-menu-en-wordpress\/","title":{"rendered":"05. Crear un men\u00fa en WordPress"},"content":{"rendered":"\n<p>Para crear un <strong>men\u00fa<\/strong> seguimos la siguiente ruta:<\/p>\n\n\n\n<pre class=\"wp-block-preformatted\">Apariencia &gt; Men\u00fas &gt; Nuevo men\u00fa<\/pre>\n\n\n\n<!--more-->\n\n\n\n<p>Elegimos un nombre que queremos poner, dicho nombre no lo ven los usuarios de la web, tan s\u00f3lo nosotros y sirve como referencia.<\/p>\n\n\n\n<p>Esta secci\u00f3n se divide en dos partes, en la derecha tenemos todos los contenidos disponibles ya creados y publicados para que los a\u00f1adamos al men\u00fa como <strong>bot\u00f3n<\/strong>. Normalmente lo que se a\u00f1aden son p\u00e1ginas para que sean las secciones del sitio, aunque si vemos en las cajas de abajo a la izquierda, tambi\u00e9n tenemos la opci\u00f3n de a\u00f1adir Categor\u00edas, Etiquetas, Productos&#8230;<\/p>\n\n\n\n<p>Una vez a\u00f1adamos lo que queramos ya tenemos medio creado nuestro men\u00fa, los botones de m\u00e1s arriba son los que aparecer\u00e1n m\u00e1s a la izquierda, y los de m\u00e1s abajo m\u00e1s a la derecha. Cada bot\u00f3n permite crear su <strong>Navigation Label<\/strong> o <strong>etiqueta de navegaci\u00f3n<\/strong>, la cual sirve para personalizar a nuestro gusto el texto que aparecer\u00e1 en el bot\u00f3n. Tambi\u00e9n tenemos la opci\u00f3n de crear subelementos, lo \u00fanico que tenemos que hacer es arrastrar ligeramente a la derecha (que queden como tabulados) los botones que queramos que sean submen\u00fa, y ponerlos bajo el bot\u00f3n que queramos que sea men\u00fa superior o padre, siendo los otros botones hijos de \u00e9ste.<\/p>\n\n\n\n<p>Muy importante y primordial a\u00f1adir una ubicaci\u00f3n en la parte de abajo. Como se tratar\u00eda de nuestro men\u00fa principal, en Ubicaci\u00f3n del tema seleccionamos <strong>Top Navigation, Primary Navigation<\/strong>, <strong>Main Navigation<\/strong> (o nombre parecido, la nomenclatura var\u00eda en funci\u00f3n de la plantilla WordPress que estemos utilizando)..<\/p>\n\n\n\n<p>Por \u00faltimo guardamos nuestro men\u00fa y visitamos nuestro sitio, ya tenemos incluido nuestro men\u00fa principal.<\/p>\n","protected":false},"excerpt":{"rendered":"<p>Para crear un men\u00fa seguimos la siguiente ruta: Apariencia &gt; Men\u00fas &gt; Nuevo men\u00fa<\/p>\n","protected":false},"author":1,"featured_media":0,"parent":1877,"menu_order":4,"comment_status":"closed","ping_status":"closed","template":"","meta":{"_uag_custom_page_level_css":"","site-sidebar-layout":"default","site-content-layout":"","ast-site-content-layout":"default","site-content-style":"default","site-sidebar-style":"default","ast-global-header-display":"","ast-banner-title-visibility":"","ast-main-header-display":"","ast-hfb-above-header-display":"","ast-hfb-below-header-display":"","ast-hfb-mobile-header-display":"","site-post-title":"","ast-breadcrumbs-content":"","ast-featured-img":"","footer-sml-layout":"","ast-disable-related-posts":"","theme-transparent-header-meta":"","adv-header-id-meta":"","stick-header-meta":"","header-above-stick-meta":"","header-main-stick-meta":"","header-below-stick-meta":"","astra-migrate-meta-layouts":"default","ast-page-background-enabled":"default","ast-page-background-meta":{"desktop":{"background-color":"var(--ast-global-color-4)","background-image":"","background-repeat":"repeat","background-position":"center center","background-size":"auto","background-attachment":"scroll","background-type":"","background-media":"","overlay-type":"","overlay-color":"","overlay-opacity":"","overlay-gradient":""},"tablet":{"background-color":"","background-image":"","background-repeat":"repeat","background-position":"center center","background-size":"auto","background-attachment":"scroll","background-type":"","background-media":"","overlay-type":"","overlay-color":"","overlay-opacity":"","overlay-gradient":""},"mobile":{"background-color":"","background-image":"","background-repeat":"repeat","background-position":"center center","background-size":"auto","background-attachment":"scroll","background-type":"","background-media":"","overlay-type":"","overlay-color":"","overlay-opacity":"","overlay-gradient":""}},"ast-content-background-meta":{"desktop":{"background-color":"var(--ast-global-color-5)","background-image":"","background-repeat":"repeat","background-position":"center center","background-size":"auto","background-attachment":"scroll","background-type":"","background-media":"","overlay-type":"","overlay-color":"","overlay-opacity":"","overlay-gradient":""},"tablet":{"background-color":"var(--ast-global-color-5)","background-image":"","background-repeat":"repeat","background-position":"center center","background-size":"auto","background-attachment":"scroll","background-type":"","background-media":"","overlay-type":"","overlay-color":"","overlay-opacity":"","overlay-gradient":""},"mobile":{"background-color":"var(--ast-global-color-5)","background-image":"","background-repeat":"repeat","background-position":"center center","background-size":"auto","background-attachment":"scroll","background-type":"","background-media":"","overlay-type":"","overlay-color":"","overlay-opacity":"","overlay-gradient":""}},"footnotes":""},"class_list":["post-1898","page","type-page","status-publish","hentry"],"uagb_featured_image_src":{"full":false,"thumbnail":false,"medium":false,"medium_large":false,"large":false,"1536x1536":false,"2048x2048":false},"uagb_author_info":{"display_name":"Sutil Web","author_link":"https:\/\/sutilweb.eu\/index.php\/author\/sutilweb\/"},"uagb_comment_info":0,"uagb_excerpt":"Para crear un men\u00fa seguimos la siguiente ruta: Apariencia &gt; Men\u00fas &gt; Nuevo men\u00fa","_links":{"self":[{"href":"https:\/\/sutilweb.eu\/index.php\/wp-json\/wp\/v2\/pages\/1898","targetHints":{"allow":["GET"]}}],"collection":[{"href":"https:\/\/sutilweb.eu\/index.php\/wp-json\/wp\/v2\/pages"}],"about":[{"href":"https:\/\/sutilweb.eu\/index.php\/wp-json\/wp\/v2\/types\/page"}],"author":[{"embeddable":true,"href":"https:\/\/sutilweb.eu\/index.php\/wp-json\/wp\/v2\/users\/1"}],"replies":[{"embeddable":true,"href":"https:\/\/sutilweb.eu\/index.php\/wp-json\/wp\/v2\/comments?post=1898"}],"version-history":[{"count":2,"href":"https:\/\/sutilweb.eu\/index.php\/wp-json\/wp\/v2\/pages\/1898\/revisions"}],"predecessor-version":[{"id":1900,"href":"https:\/\/sutilweb.eu\/index.php\/wp-json\/wp\/v2\/pages\/1898\/revisions\/1900"}],"up":[{"embeddable":true,"href":"https:\/\/sutilweb.eu\/index.php\/wp-json\/wp\/v2\/pages\/1877"}],"wp:attachment":[{"href":"https:\/\/sutilweb.eu\/index.php\/wp-json\/wp\/v2\/media?parent=1898"}],"curies":[{"name":"wp","href":"https:\/\/api.w.org\/{rel}","templated":true}]}}