{"id":1885,"date":"2024-08-03T09:01:04","date_gmt":"2024-08-03T07:01:04","guid":{"rendered":"https:\/\/blog.sutilweb.eu\/?page_id=1885"},"modified":"2024-08-03T09:01:06","modified_gmt":"2024-08-03T07:01:06","slug":"02-contratar-el-mejor-hosting-para-wordpress-y-el-dominio-adecuado","status":"publish","type":"page","link":"https:\/\/sutilweb.eu\/index.php\/cmss-frameworks\/wordpress-2\/wordpress-basico\/02-contratar-el-mejor-hosting-para-wordpress-y-el-dominio-adecuado\/","title":{"rendered":"02. Contratar el mejor hosting para WordPress y el dominio adecuado"},"content":{"rendered":"\n<h2 class=\"wp-block-heading\">Elegir el mejor hosting WordPress<\/h2>\n\n\n\n<p>Lo primero en lo que debemos fijarnos antes de comenzar con nuestro <strong>sitio web<\/strong> es contratar un buen servicio de alojamiento. Si disponemos de \u00e9l, hay que asegurarse de que se trata de un <strong>hosting de calidad<\/strong>.<\/p>\n\n\n\n<!--more-->\n\n\n\n<p>La diferencia entre un <strong>hosting premium<\/strong> de calidad para <strong>WordPress<\/strong> y un <strong>hosting<\/strong> peor radica en diversos factores, como son:<\/p>\n\n\n\n<ul class=\"wp-block-list\">\n<li>Velocidad<\/li>\n\n\n\n<li>Estabilidad<\/li>\n\n\n\n<li>Seguridad<\/li>\n\n\n\n<li>Usabilidad<\/li>\n\n\n\n<li>Soporte<\/li>\n<\/ul>\n\n\n\n<h2 class=\"wp-block-heading\">Comprar o transferir un dominio<\/h2>\n\n\n\n<p>Si hemos comprado nuestro <strong>dominio<\/strong>, podemos transferirlo a nuestro nuevo <strong>hosting<\/strong> mediante la solicitud de un <strong>AUTH CODE<\/strong>, o apuntarlo con <strong>DNS<\/strong> (veremos \u00e9sto en cap\u00edtulos posteriores).<\/p>\n\n\n\n<p>Si a\u00fan no tenemos nombre de dominio, no escogerlo a la ligera, hay que tomarse el tiempo necesario para elegir el mejor nombre, algo f\u00e1cil de recordar y teclear, sencillo y potente, no muy largo (m\u00e1ximo 20 caracteres) y que incluya palabras clave si es posible, de esta manera posicionaremos mejor nuestra futura web, consiguiendo el tr\u00e1fico deseado.<\/p>\n\n\n\n<h2 class=\"wp-block-heading\">Descargar WordPress e instalarlo en el servidor<\/h2>\n\n\n\n<p>Desde su nacimiento, <strong>WordPress<\/strong> siempre ha tenido la filosof\u00eda de ser gratuito, \u00e9sto le ha permitido colocarse como el lider absoluto de los <strong>gestores de contenido<\/strong> o <strong>CMS<\/strong>, con una comunidad enorme de usuarios y colaboradores a nivel mundial, que constantemente depuran y perfeccionan el <strong>CMS<\/strong>, realizan traducciones a casi todos los idiomas del mundo, crean plugins&#8230;<\/p>\n\n\n\n<p>Para instalar nuestro futuro <strong>WordPress<\/strong>, tan s\u00f3lo lo tenemos que descargar de su p\u00e1gina oficial, <a href=\"https:\/\/wordpress.org\/\" target=\"_blank\" rel=\"noreferrer noopener\">wordpress.org<\/a>, y dicha descarga es r\u00e1pida y segura, ocupando el archivo un total como mucho de 20 Mb en formato .<em>zip<\/em>.<\/p>\n\n\n\n<p>Una vez tengamos descargado nuestro archivo, tan s\u00f3lo lo tenemos que subir a nuestro servidor, es decir, vamos a cargar todos los archivos directamente en el directorio principal del <strong>Hosting<\/strong>, normalmente llamado <em>public_html.<\/em><\/p>\n\n\n\n<blockquote class=\"wp-block-quote is-layout-flow wp-block-quote-is-layout-flow\">\n<p><strong>Nota<\/strong>: los archivos del <strong>WordPress<\/strong> deben estar directamente volcados sobre la ra\u00edz del servidor, no pueden estar contenidos en una carpeta, por ello al cargar y extraer el .zip en nuestro hosting, debemos mover los archivos directamente a la ra\u00edz, quedando la carpeta <strong>WordPress<\/strong> vac\u00eda, la cual, una vez hayamos hecho el proceso, podemos eliminar.<\/p>\n<\/blockquote>\n\n\n\n<h2 class=\"wp-block-heading\">Crear una nueva base de datos<\/h2>\n\n\n\n<p>El siguiente paso que debemos hacer es crear una nueva <strong>base de datos<\/strong>, de la cual <strong>WordPress<\/strong> tirar\u00e1, para ello, en nuestro panel de administraci\u00f3n tendremos una secci\u00f3n denominada <strong>MySQL<\/strong> Bases de datos (o algo parecido).<\/p>\n\n\n\n<p>Una vez tengamos creada nuestra <strong>base de datos<\/strong> y subidos nuestros archivos <strong>WordPress<\/strong> al servidor, es momento de configurar nuestro <strong>WordPress<\/strong>, ahora, lo que nos va a pedir son los datos de la base de datos de la cual queremos que tire nuestro <strong>WordPress<\/strong>, y que es la que acabamos de crear para tal tarea, debemos ir introduciendo los datos que nos piden, que son:<\/p>\n\n\n\n<ul class=\"wp-block-list\">\n<li>Nombre de la <strong>base de datos.<\/strong><\/li>\n\n\n\n<li>Nombre del usuario de la <strong>base de datos<\/strong>.<\/li>\n\n\n\n<li>Contrase\u00f1a para acceder a la <strong>base de datos<\/strong>.<\/li>\n\n\n\n<li>Directorio donde se encuentra la <strong>base de datos<\/strong>, por defecto aparece <em>localhost<\/em><\/li>\n<\/ul>\n\n\n\n<p>Una vez rellenados los campos, el siguiente paso es dar un t\u00edtulo a nuestra web, un usuario y una contrase\u00f1a que va a ser la que utilicemos para acceder a nuestra zona de administraci\u00f3n, desde la cual realizaremos todas las tareas que iremos aprendiendo a lo largo de estos cap\u00edtulos.<\/p>\n\n\n\n<blockquote class=\"wp-block-quote is-layout-flow wp-block-quote-is-layout-flow\">\n<p><strong>Nota<\/strong>: Algunos <strong>hostings<\/strong> ya ofrecen la opci\u00f3n de instalar un <strong>WordPress<\/strong>, con lo que \u00fanicamente debemos seguir los pasos que nos indican sin complicarnos en nada m\u00e1s.<\/p>\n<\/blockquote>\n","protected":false},"excerpt":{"rendered":"<p>Elegir el mejor hosting WordPress Lo primero en lo que debemos fijarnos antes de comenzar con nuestro sitio web es [&hellip;]<\/p>\n","protected":false},"author":1,"featured_media":0,"parent":1877,"menu_order":1,"comment_status":"closed","ping_status":"closed","template":"","meta":{"_uag_custom_page_level_css":"","site-sidebar-layout":"default","site-content-layout":"","ast-site-content-layout":"default","site-content-style":"default","site-sidebar-style":"default","ast-global-header-display":"","ast-banner-title-visibility":"","ast-main-header-display":"","ast-hfb-above-header-display":"","ast-hfb-below-header-display":"","ast-hfb-mobile-header-display":"","site-post-title":"","ast-breadcrumbs-content":"","ast-featured-img":"","footer-sml-layout":"","ast-disable-related-posts":"","theme-transparent-header-meta":"","adv-header-id-meta":"","stick-header-meta":"","header-above-stick-meta":"","header-main-stick-meta":"","header-below-stick-meta":"","astra-migrate-meta-layouts":"default","ast-page-background-enabled":"default","ast-page-background-meta":{"desktop":{"background-color":"var(--ast-global-color-4)","background-image":"","background-repeat":"repeat","background-position":"center center","background-size":"auto","background-attachment":"scroll","background-type":"","background-media":"","overlay-type":"","overlay-color":"","overlay-opacity":"","overlay-gradient":""},"tablet":{"background-color":"","background-image":"","background-repeat":"repeat","background-position":"center center","background-size":"auto","background-attachment":"scroll","background-type":"","background-media":"","overlay-type":"","overlay-color":"","overlay-opacity":"","overlay-gradient":""},"mobile":{"background-color":"","background-image":"","background-repeat":"repeat","background-position":"center center","background-size":"auto","background-attachment":"scroll","background-type":"","background-media":"","overlay-type":"","overlay-color":"","overlay-opacity":"","overlay-gradient":""}},"ast-content-background-meta":{"desktop":{"background-color":"var(--ast-global-color-5)","background-image":"","background-repeat":"repeat","background-position":"center center","background-size":"auto","background-attachment":"scroll","background-type":"","background-media":"","overlay-type":"","overlay-color":"","overlay-opacity":"","overlay-gradient":""},"tablet":{"background-color":"var(--ast-global-color-5)","background-image":"","background-repeat":"repeat","background-position":"center center","background-size":"auto","background-attachment":"scroll","background-type":"","background-media":"","overlay-type":"","overlay-color":"","overlay-opacity":"","overlay-gradient":""},"mobile":{"background-color":"var(--ast-global-color-5)","background-image":"","background-repeat":"repeat","background-position":"center center","background-size":"auto","background-attachment":"scroll","background-type":"","background-media":"","overlay-type":"","overlay-color":"","overlay-opacity":"","overlay-gradient":""}},"footnotes":""},"class_list":["post-1885","page","type-page","status-publish","hentry"],"uagb_featured_image_src":{"full":false,"thumbnail":false,"medium":false,"medium_large":false,"large":false,"1536x1536":false,"2048x2048":false},"uagb_author_info":{"display_name":"Sutil Web","author_link":"https:\/\/sutilweb.eu\/index.php\/author\/sutilweb\/"},"uagb_comment_info":0,"uagb_excerpt":"Elegir el mejor hosting WordPress Lo primero en lo que debemos fijarnos antes de comenzar con nuestro sitio web es [&hellip;]","_links":{"self":[{"href":"https:\/\/sutilweb.eu\/index.php\/wp-json\/wp\/v2\/pages\/1885","targetHints":{"allow":["GET"]}}],"collection":[{"href":"https:\/\/sutilweb.eu\/index.php\/wp-json\/wp\/v2\/pages"}],"about":[{"href":"https:\/\/sutilweb.eu\/index.php\/wp-json\/wp\/v2\/types\/page"}],"author":[{"embeddable":true,"href":"https:\/\/sutilweb.eu\/index.php\/wp-json\/wp\/v2\/users\/1"}],"replies":[{"embeddable":true,"href":"https:\/\/sutilweb.eu\/index.php\/wp-json\/wp\/v2\/comments?post=1885"}],"version-history":[{"count":2,"href":"https:\/\/sutilweb.eu\/index.php\/wp-json\/wp\/v2\/pages\/1885\/revisions"}],"predecessor-version":[{"id":1887,"href":"https:\/\/sutilweb.eu\/index.php\/wp-json\/wp\/v2\/pages\/1885\/revisions\/1887"}],"up":[{"embeddable":true,"href":"https:\/\/sutilweb.eu\/index.php\/wp-json\/wp\/v2\/pages\/1877"}],"wp:attachment":[{"href":"https:\/\/sutilweb.eu\/index.php\/wp-json\/wp\/v2\/media?parent=1885"}],"curies":[{"name":"wp","href":"https:\/\/api.w.org\/{rel}","templated":true}]}}