{"id":1584,"date":"2024-08-02T07:31:29","date_gmt":"2024-08-02T05:31:29","guid":{"rendered":"https:\/\/blog.sutilweb.eu\/?page_id=1584"},"modified":"2024-08-02T07:31:30","modified_gmt":"2024-08-02T05:31:30","slug":"003-api-rest-consumo-de-datos-con-cliente-rest","status":"publish","type":"page","link":"https:\/\/sutilweb.eu\/index.php\/lenguajes\/javascript\/javascript-practico\/16-api-rest\/003-api-rest-consumo-de-datos-con-cliente-rest\/","title":{"rendered":"003. API REST: Consumo de datos con cliente REST"},"content":{"rendered":"\n<p>En este cap\u00edtulo vamos a ver como consumir y hacer pruebas mediante herramientas como <a href=\"https:\/\/www.postman.com\/\" target=\"_blank\" rel=\"noreferrer noopener\"><strong>Postman<\/strong> <\/a>o <a href=\"https:\/\/insomnia.rest\/\" target=\"_blank\" rel=\"noreferrer noopener\"><strong>Insomnia<\/strong><\/a>. Una vez que en estos software hacemos pruebas y vemos como interactuar con el <strong>modelo de datos<\/strong> que expone la <strong>API<\/strong> con la que estemos interactuando, comenzamos a hacer nuestras <strong>interfaces visuales<\/strong> con <strong>Javascript<\/strong> y <strong>Ajax<\/strong>.<\/p>\n\n\n\n<!--more-->\n\n\n\n<p>Vamos a comenzar a trabajar con la aplicaci\u00f3n <strong>Postman<\/strong>, desde la cual podemos crear <strong>entornos<\/strong>, <strong>peticiones<\/strong>.<\/p>\n\n\n\n<blockquote class=\"wp-block-quote is-layout-flow wp-block-quote-is-layout-flow\">\n<p><strong>Nota<\/strong>: recomendado por cada proyecto ir creando <strong>Folders<\/strong>, y dentro de estas <strong>carpetas<\/strong> (<strong>Folders<\/strong>) un <strong>request<\/strong>.<\/p>\n<\/blockquote>\n\n\n\n<p>Antes que nada vamos a prender nuestra <strong>API<\/strong> falsa, y la vamos a levanta en el puerto <strong>5555<\/strong>, con la siguiente sintaxis:<\/p>\n\n\n\n<pre class=\"wp-block-preformatted\">json-server -w -p 5555 assets\/db.json<\/pre>\n\n\n\n<p>Y vamos a trabajar con la <strong>API<\/strong> de los santos, cuya ruta es <em>localhost:5555\/santos,<\/em> creamos una nueva <strong>request<\/strong> a la que le vamos a llamar G<em>ET San<\/em>tos, que es el recurso que vamos a estar utilizando.<\/p>\n\n\n\n<p>Cuando vamos a comenzar un proyecto, y el proyecto va a tener la arquitectura de tipo <strong>API REST<\/strong>, no es lo ideal que nos pongamos a tirar l\u00edneas de c\u00f3digo con <strong>Javascript, React, Vue,<\/strong> sino hacer primero pruebas con un software como <strong>Postman<\/strong> o <strong>Insomnia,<\/strong> y primero ver que salen las peticiones, y que estamos mandando los datos correctos, porque despu\u00e9s depurar todo ello mientras estamos haciendo c\u00f3digo se puede volver un poco ca\u00f3tico.<\/p>\n","protected":false},"excerpt":{"rendered":"<p>En este cap\u00edtulo vamos a ver como consumir y hacer pruebas mediante herramientas como Postman o Insomnia. Una vez que [&hellip;]<\/p>\n","protected":false},"author":1,"featured_media":0,"parent":1577,"menu_order":2,"comment_status":"closed","ping_status":"closed","template":"","meta":{"_uag_custom_page_level_css":"","site-sidebar-layout":"default","site-content-layout":"","ast-site-content-layout":"default","site-content-style":"default","site-sidebar-style":"default","ast-global-header-display":"","ast-banner-title-visibility":"","ast-main-header-display":"","ast-hfb-above-header-display":"","ast-hfb-below-header-display":"","ast-hfb-mobile-header-display":"","site-post-title":"","ast-breadcrumbs-content":"","ast-featured-img":"","footer-sml-layout":"","ast-disable-related-posts":"","theme-transparent-header-meta":"","adv-header-id-meta":"","stick-header-meta":"","header-above-stick-meta":"","header-main-stick-meta":"","header-below-stick-meta":"","astra-migrate-meta-layouts":"default","ast-page-background-enabled":"default","ast-page-background-meta":{"desktop":{"background-color":"var(--ast-global-color-4)","background-image":"","background-repeat":"repeat","background-position":"center center","background-size":"auto","background-attachment":"scroll","background-type":"","background-media":"","overlay-type":"","overlay-color":"","overlay-opacity":"","overlay-gradient":""},"tablet":{"background-color":"","background-image":"","background-repeat":"repeat","background-position":"center center","background-size":"auto","background-attachment":"scroll","background-type":"","background-media":"","overlay-type":"","overlay-color":"","overlay-opacity":"","overlay-gradient":""},"mobile":{"background-color":"","background-image":"","background-repeat":"repeat","background-position":"center center","background-size":"auto","background-attachment":"scroll","background-type":"","background-media":"","overlay-type":"","overlay-color":"","overlay-opacity":"","overlay-gradient":""}},"ast-content-background-meta":{"desktop":{"background-color":"var(--ast-global-color-5)","background-image":"","background-repeat":"repeat","background-position":"center center","background-size":"auto","background-attachment":"scroll","background-type":"","background-media":"","overlay-type":"","overlay-color":"","overlay-opacity":"","overlay-gradient":""},"tablet":{"background-color":"var(--ast-global-color-5)","background-image":"","background-repeat":"repeat","background-position":"center center","background-size":"auto","background-attachment":"scroll","background-type":"","background-media":"","overlay-type":"","overlay-color":"","overlay-opacity":"","overlay-gradient":""},"mobile":{"background-color":"var(--ast-global-color-5)","background-image":"","background-repeat":"repeat","background-position":"center center","background-size":"auto","background-attachment":"scroll","background-type":"","background-media":"","overlay-type":"","overlay-color":"","overlay-opacity":"","overlay-gradient":""}},"footnotes":""},"class_list":["post-1584","page","type-page","status-publish","hentry"],"uagb_featured_image_src":{"full":false,"thumbnail":false,"medium":false,"medium_large":false,"large":false,"1536x1536":false,"2048x2048":false},"uagb_author_info":{"display_name":"Sutil Web","author_link":"https:\/\/sutilweb.eu\/index.php\/author\/sutilweb\/"},"uagb_comment_info":0,"uagb_excerpt":"En este cap\u00edtulo vamos a ver como consumir y hacer pruebas mediante herramientas como Postman o Insomnia. Una vez que [&hellip;]","_links":{"self":[{"href":"https:\/\/sutilweb.eu\/index.php\/wp-json\/wp\/v2\/pages\/1584","targetHints":{"allow":["GET"]}}],"collection":[{"href":"https:\/\/sutilweb.eu\/index.php\/wp-json\/wp\/v2\/pages"}],"about":[{"href":"https:\/\/sutilweb.eu\/index.php\/wp-json\/wp\/v2\/types\/page"}],"author":[{"embeddable":true,"href":"https:\/\/sutilweb.eu\/index.php\/wp-json\/wp\/v2\/users\/1"}],"replies":[{"embeddable":true,"href":"https:\/\/sutilweb.eu\/index.php\/wp-json\/wp\/v2\/comments?post=1584"}],"version-history":[{"count":1,"href":"https:\/\/sutilweb.eu\/index.php\/wp-json\/wp\/v2\/pages\/1584\/revisions"}],"predecessor-version":[{"id":1585,"href":"https:\/\/sutilweb.eu\/index.php\/wp-json\/wp\/v2\/pages\/1584\/revisions\/1585"}],"up":[{"embeddable":true,"href":"https:\/\/sutilweb.eu\/index.php\/wp-json\/wp\/v2\/pages\/1577"}],"wp:attachment":[{"href":"https:\/\/sutilweb.eu\/index.php\/wp-json\/wp\/v2\/media?parent=1584"}],"curies":[{"name":"wp","href":"https:\/\/api.w.org\/{rel}","templated":true}]}}