{"id":1522,"date":"2024-08-02T07:04:29","date_gmt":"2024-08-02T05:04:29","guid":{"rendered":"https:\/\/blog.sutilweb.eu\/?page_id=1522"},"modified":"2024-08-02T07:04:30","modified_gmt":"2024-08-02T05:04:30","slug":"03-grid-con-filas-y-columnas","status":"publish","type":"page","link":"https:\/\/sutilweb.eu\/index.php\/lenguajes\/css3\/grid-css\/03-grid-con-filas-y-columnas\/","title":{"rendered":"03. Grid con filas y columnas"},"content":{"rendered":"\n<p>Con la tecnolog\u00eda <strong>Grid<\/strong> es posible crear cuadr\u00edculas con un tama\u00f1o expl\u00edcito. Para ello, s\u00f3lo tenemos que usar las propiedades CSS <code>grid-template-columns<\/code>&nbsp;y&nbsp;<code>grid-template-rows<\/code>, que sirven para indicar las dimensiones de cada&nbsp;<strong>celda<\/strong> de la cuadr\u00edcula, diferenciando entre columnas y filas. Las propiedades son las siguientes.<\/p>\n\n\n\n<!--more-->\n\n\n\n<figure class=\"wp-block-table\"><table class=\"has-fixed-layout\"><thead><tr><th>Propiedad<\/th><th>Valor<\/th><th>Descripci\u00f3n<\/th><\/tr><\/thead><tbody><tr><td><code>grid-template-columns<\/code><\/td><td>[<em>col1<\/em>] [<em>col2<\/em>] \u2026<\/td><td>Establece el&nbsp;&nbsp;de cada columna (<em>col 1, col 2\u2026<\/em>).<\/td><\/tr><tr><td><code>grid-template-rows<\/code><\/td><td>[<em>fila1<\/em>] [<em>fila2<\/em>] \u2026<\/td><td>Establece el&nbsp;&nbsp;de cada fila (<em>fila 1, fila 2\u2026<\/em>).<\/td><\/tr><\/tbody><\/table><\/figure>\n\n\n\n<p>Conociendo estas dos propiedades, asumamos el siguiente c\u00f3digo CSS.<\/p>\n\n\n\n<p><strong>Ejm<\/strong><\/p>\n\n\n\n<pre class=\"wp-block-preformatted\">&nbsp; &nbsp; .grid {\n&nbsp; &nbsp; &nbsp; display: grid;\n  &nbsp; &nbsp; grid-template-columns: 100px 300px;\n  &nbsp; &nbsp; grid-template-rows: 200px 100px;\n&nbsp; &nbsp; }<\/pre>\n\n\n\n<p>El c\u00f3digo de arriba se traduce en que tenemos una cuadricula con <strong>2 columnas<\/strong>&nbsp;(<em>la primera con 100px de ancho y la segunda con 300px de ancho<\/em>) y con&nbsp;<strong>2 filas<\/strong>&nbsp;(<em>la primera con 200px de alto y la segunda con 100px de alto<\/em>). Ahora, dependiendo del n\u00famero de \u00edtems (<em>elementos hijos<\/em>) que tenga el contenedor&nbsp;<strong>grid<\/strong>, tendremos una cuadr\u00edcula de 2\u00d72 elementos (<em>4 \u00edtems<\/em>), 2\u00d73 elementos (<em>6 \u00edtems<\/em>), 2\u00d74 elementos (<em>8 \u00edtems<\/em>) y as\u00ed sucesivamente. Si el n\u00famero de \u00edtems es impar, la \u00faltima celda de la cuadr\u00edcula se quedar\u00e1 vac\u00eda.<\/p>\n\n\n\n<p>A medida que vamos incluyendo m\u00e1s \u00edtems en el <strong>grid<\/strong>, podemos aumentar tambi\u00e9n el n\u00famero de par\u00e1metros de <code>grid-template-columns<\/code>&nbsp;y\/o&nbsp;<code>grid-template-rows<\/code>. Ten en cuenta que en este caso, tenemos dos valores en cada propiedad (<em>2\u00d72<\/em>), lo que hacen una cuadr\u00edcula de&nbsp;<strong>4 elementos<\/strong>, que es justo el n\u00famero de \u00edtems en el <strong>HTML<\/strong>.<\/p>\n\n\n\n<p>En caso de tener m\u00e1s \u00edtems de lo que se indica en la propiedad, los \u00edtems restantes se incluir\u00edan sin formato. De tener menos, simplemente se ocupar\u00edan los \u00edtems implicados.<\/p>\n","protected":false},"excerpt":{"rendered":"<p>Con la tecnolog\u00eda Grid es posible crear cuadr\u00edculas con un tama\u00f1o expl\u00edcito. Para ello, s\u00f3lo tenemos que usar las propiedades [&hellip;]<\/p>\n","protected":false},"author":1,"featured_media":0,"parent":1511,"menu_order":2,"comment_status":"closed","ping_status":"closed","template":"","meta":{"_uag_custom_page_level_css":"","site-sidebar-layout":"default","site-content-layout":"","ast-site-content-layout":"default","site-content-style":"default","site-sidebar-style":"default","ast-global-header-display":"","ast-banner-title-visibility":"","ast-main-header-display":"","ast-hfb-above-header-display":"","ast-hfb-below-header-display":"","ast-hfb-mobile-header-display":"","site-post-title":"","ast-breadcrumbs-content":"","ast-featured-img":"","footer-sml-layout":"","ast-disable-related-posts":"","theme-transparent-header-meta":"","adv-header-id-meta":"","stick-header-meta":"","header-above-stick-meta":"","header-main-stick-meta":"","header-below-stick-meta":"","astra-migrate-meta-layouts":"default","ast-page-background-enabled":"default","ast-page-background-meta":{"desktop":{"background-color":"var(--ast-global-color-4)","background-image":"","background-repeat":"repeat","background-position":"center center","background-size":"auto","background-attachment":"scroll","background-type":"","background-media":"","overlay-type":"","overlay-color":"","overlay-opacity":"","overlay-gradient":""},"tablet":{"background-color":"","background-image":"","background-repeat":"repeat","background-position":"center center","background-size":"auto","background-attachment":"scroll","background-type":"","background-media":"","overlay-type":"","overlay-color":"","overlay-opacity":"","overlay-gradient":""},"mobile":{"background-color":"","background-image":"","background-repeat":"repeat","background-position":"center center","background-size":"auto","background-attachment":"scroll","background-type":"","background-media":"","overlay-type":"","overlay-color":"","overlay-opacity":"","overlay-gradient":""}},"ast-content-background-meta":{"desktop":{"background-color":"var(--ast-global-color-5)","background-image":"","background-repeat":"repeat","background-position":"center center","background-size":"auto","background-attachment":"scroll","background-type":"","background-media":"","overlay-type":"","overlay-color":"","overlay-opacity":"","overlay-gradient":""},"tablet":{"background-color":"var(--ast-global-color-5)","background-image":"","background-repeat":"repeat","background-position":"center center","background-size":"auto","background-attachment":"scroll","background-type":"","background-media":"","overlay-type":"","overlay-color":"","overlay-opacity":"","overlay-gradient":""},"mobile":{"background-color":"var(--ast-global-color-5)","background-image":"","background-repeat":"repeat","background-position":"center center","background-size":"auto","background-attachment":"scroll","background-type":"","background-media":"","overlay-type":"","overlay-color":"","overlay-opacity":"","overlay-gradient":""}},"footnotes":""},"class_list":["post-1522","page","type-page","status-publish","hentry"],"uagb_featured_image_src":{"full":false,"thumbnail":false,"medium":false,"medium_large":false,"large":false,"1536x1536":false,"2048x2048":false},"uagb_author_info":{"display_name":"Sutil Web","author_link":"https:\/\/sutilweb.eu\/index.php\/author\/sutilweb\/"},"uagb_comment_info":0,"uagb_excerpt":"Con la tecnolog\u00eda Grid es posible crear cuadr\u00edculas con un tama\u00f1o expl\u00edcito. Para ello, s\u00f3lo tenemos que usar las propiedades [&hellip;]","_links":{"self":[{"href":"https:\/\/sutilweb.eu\/index.php\/wp-json\/wp\/v2\/pages\/1522","targetHints":{"allow":["GET"]}}],"collection":[{"href":"https:\/\/sutilweb.eu\/index.php\/wp-json\/wp\/v2\/pages"}],"about":[{"href":"https:\/\/sutilweb.eu\/index.php\/wp-json\/wp\/v2\/types\/page"}],"author":[{"embeddable":true,"href":"https:\/\/sutilweb.eu\/index.php\/wp-json\/wp\/v2\/users\/1"}],"replies":[{"embeddable":true,"href":"https:\/\/sutilweb.eu\/index.php\/wp-json\/wp\/v2\/comments?post=1522"}],"version-history":[{"count":1,"href":"https:\/\/sutilweb.eu\/index.php\/wp-json\/wp\/v2\/pages\/1522\/revisions"}],"predecessor-version":[{"id":1523,"href":"https:\/\/sutilweb.eu\/index.php\/wp-json\/wp\/v2\/pages\/1522\/revisions\/1523"}],"up":[{"embeddable":true,"href":"https:\/\/sutilweb.eu\/index.php\/wp-json\/wp\/v2\/pages\/1511"}],"wp:attachment":[{"href":"https:\/\/sutilweb.eu\/index.php\/wp-json\/wp\/v2\/media?parent=1522"}],"curies":[{"name":"wp","href":"https:\/\/api.w.org\/{rel}","templated":true}]}}