{"id":1449,"date":"2024-08-02T06:34:04","date_gmt":"2024-08-02T04:34:04","guid":{"rendered":"https:\/\/blog.sutilweb.eu\/?page_id=1449"},"modified":"2024-08-02T06:34:05","modified_gmt":"2024-08-02T04:34:05","slug":"22-media-queries-css","status":"publish","type":"page","link":"https:\/\/sutilweb.eu\/index.php\/lenguajes\/css3\/css3-avanzado\/22-media-queries-css\/","title":{"rendered":"22. Media Queries CSS"},"content":{"rendered":"\n<h2 class=\"wp-block-heading\">Tipos de medios introducidos en CSS2<\/h2>\n\n\n\n<p>La regla <strong><em>@media<\/em><\/strong>, introducida en <strong>CSS2<\/strong>, hizo posible definir diferentes reglas de estilo para diferentes tipos de medios. Ejemplos: puedes tener un conjunto de reglas de estilo para pantallas de computadora, uno para impresoras, uno para dispositivos de mano, uno para dispositivos de tipo televisi\u00f3n, etc.<\/p>\n\n\n\n<!--more-->\n\n\n\n<p>Desafortunadamente, estos tipos de medios nunca recibieron mucho apoyo de los dispositivos, aparte del tipo de medios impresos.<\/p>\n\n\n\n<h2 class=\"wp-block-heading\">CSS3 introdujo Media Queries<\/h2>\n\n\n\n<p>Las <strong>consultas de medios<\/strong> (<strong>Media Queries<\/strong>) en <strong>CSS3<\/strong> ampliaron la idea de los tipos de medios de <strong>CSS2<\/strong>: en lugar de buscar un tipo de dispositivo, analizan la capacidad del dispositivo.<\/p>\n\n\n\n<p>Las <strong>Media Queries<\/strong> se pueden usar para verificar muchas cosas, como:<\/p>\n\n\n\n<ul class=\"wp-block-list\">\n<li>ancho y alto de la ventana gr\u00e1fica<\/li>\n\n\n\n<li>ancho y alto del dispositivo<\/li>\n\n\n\n<li>orientaci\u00f3n (\u00bfla tableta\/tel\u00e9fono est\u00e1 en modo horizontal o vertical?)<\/li>\n\n\n\n<li>resoluci\u00f3n<\/li>\n<\/ul>\n\n\n\n<p>El uso de <strong>Media Queries<\/strong> es una t\u00e9cnica popular para entregar una hoja de estilo personalizada a equipos de escritorio, port\u00e1tiles, tabletas y tel\u00e9fonos m\u00f3viles (como tel\u00e9fonos iPhone y Android).<\/p>\n\n\n\n<h2 class=\"wp-block-heading\">Sintaxis<\/h2>\n\n\n\n<p>Una <strong>Media Query<\/strong> consta de un tipo de medio y puede contener una o m\u00e1s expresiones, que se resuelven en verdadero o falso.<\/p>\n\n\n\n<pre class=\"wp-block-preformatted\">@media not|only&nbsp;<em>mediatype&nbsp;<\/em>and(<em>expressions<\/em>)&nbsp;{<em>\n&nbsp;&nbsp;CSS-Code;\n<\/em>}<\/pre>\n\n\n\n<p>El resultado de la consulta es verdadero si el tipo de medio especificado coincide con el tipo de dispositivo en el que se muestra el documento y todas las expresiones de la consulta de medios son verdaderas. Cuando una <strong>Media Query<\/strong> es verdadera, se aplican la hoja de estilo o las reglas de estilo correspondientes, siguiendo las reglas en cascada normales. A menos que utilice los operadores <strong><em>not<\/em> <\/strong>o <strong><em>only<\/em><\/strong>, el tipo de medio es opcional y el tipo <strong><em>all<\/em> <\/strong>estar\u00e1 impl\u00edcito. Tambi\u00e9n puedes tener diferentes hojas de estilo para diferentes medios:<\/p>\n\n\n\n<pre class=\"wp-block-preformatted\">&lt;link&nbsp;rel=\"stylesheet\"&nbsp;media=\"<em>mediatype<\/em>&nbsp;and|not|only (<em>expressions<\/em>)\"&nbsp;href=\"<em>print.css<\/em>\"&gt;<\/pre>\n\n\n\n<h2 class=\"wp-block-heading\">Tipos<\/h2>\n\n\n\n<figure class=\"wp-block-table\"><table class=\"has-fixed-layout\"><tbody><tr><th>Valor<\/th><th>Descripci\u00f3n<\/th><\/tr><tr><td><strong><em>all<\/em><\/strong><\/td><td>Se utiliza para todos los dispositivos de tipo de medios<\/td><\/tr><tr><td><strong><em>print<\/em><\/strong><\/td><td>Usado para impresoras<\/td><\/tr><tr><td><strong><em>screen<\/em><\/strong><\/td><td>Se utiliza para pantallas de computadora, tabletas, tel\u00e9fonos inteligentes, etc.<\/td><\/tr><tr><td><strong><em>speech<\/em><\/strong><\/td><td>Se utiliza para lectores de pantalla que \u00ableen\u00bb la p\u00e1gina en voz alta<\/td><\/tr><\/tbody><\/table><\/figure>\n\n\n\n<h2 class=\"wp-block-heading\">Ejm sencillo<\/h2>\n\n\n\n<p>Una forma de usar consultas de medios es tener una secci\u00f3n CSS alternativa dentro de tu hoja de estilo. El siguiente ejemplo cambia el color de fondo a verde claro si la ventana gr\u00e1fica tiene 480 p\u00edxeles de ancho o m\u00e1s (si la ventana gr\u00e1fica tiene menos de 480 p\u00edxeles, el color de fondo ser\u00e1 rosa).<\/p>\n\n\n\n<p><strong>Ejm<\/strong><\/p>\n\n\n\n<pre class=\"wp-block-preformatted\">&lt;!DOCTYPE html><br>&lt;html><br>  &lt;head><br>    &lt;style><br>      body {<br>        background-color: pink;<br>      }<br><br>      @media screen and (min-width: 480px) {<br>        body {<br>          background-color: lightgreen;<br>        }<br>      }<br>    &lt;\/style><br>  &lt;\/head><br>  &lt;body><br>    &lt;h1>Resize the browser window to see the effect!&lt;\/h1><br>    &lt;p><br>      The media query will only apply if the media type is screen and the<br>      viewport is 480px wide or wider.<br>    &lt;\/p><br>  &lt;\/body><br>&lt;\/html><\/pre>\n\n\n\n<p>El siguiente ejemplo muestra un men\u00fa que flotar\u00e1 a la izquierda de la p\u00e1gina si la ventana gr\u00e1fica tiene 480 p\u00edxeles de ancho o m\u00e1s (si la ventana gr\u00e1fica tiene menos de 480 p\u00edxeles, el men\u00fa estar\u00e1 encima del contenido):<\/p>\n\n\n\n<p><strong>Ejm<\/strong><\/p>\n\n\n\n<pre class=\"wp-block-preformatted\">&lt;!DOCTYPE html><br>&lt;html><br>  &lt;head><br>    &lt;meta name=\"viewport\" content=\"width=device-width, initial-scale=1.0\" \/><br>    &lt;style><br>      .wrapper {<br>        overflow: auto;<br>      }<br><br>      #main {<br>        margin-left: 4px;<br>      }<br><br>      #leftsidebar {<br>        float: none;<br>        width: auto;<br>      }<br><br>      #menulist {<br>        margin: 0;<br>        padding: 0;<br>      }<br><br>      .menuitem {<br>        background: #cdf0f6;<br>        border: 1px solid #d4d4d4;<br>        border-radius: 4px;<br>        list-style-type: none;<br>        margin: 4px;<br>        padding: 2px;<br>      }<br><br>      @media screen and (min-width: 480px) {<br>        #leftsidebar {<br>          width: 200px;<br>          float: left;<br>        }<br>        #main {<br>          margin-left: 216px;<br>        }<br>      }<br>    &lt;\/style><br>  &lt;\/head><br>  &lt;body><br>    &lt;div class=\"wrapper\"><br>      &lt;div id=\"leftsidebar\"><br>        &lt;ul id=\"menulist\"><br>          &lt;li class=\"menuitem\">Menu-item 1&lt;\/li><br>          &lt;li class=\"menuitem\">Menu-item 2&lt;\/li><br>          &lt;li class=\"menuitem\">Menu-item 3&lt;\/li><br>          &lt;li class=\"menuitem\">Menu-item 4&lt;\/li><br>          &lt;li class=\"menuitem\">Menu-item 5&lt;\/li><br>        &lt;\/ul><br>      &lt;\/div><br><br>      &lt;div id=\"main\"><br>        &lt;h1>Resize the browser window to see the effect!&lt;\/h1><br>        &lt;p><br>          This example shows a menu that will float to the left of the page if<br>          the viewport is 480 pixels wide or wider. If the viewport is less than<br>          480 pixels, the menu will be on top of the content.<br>        &lt;\/p><br>      &lt;\/div><br>    &lt;\/div><br>  &lt;\/body><br>&lt;\/html><\/pre>\n\n\n\n<h2 class=\"wp-block-heading\">Media Queries para men\u00fas<\/h2>\n\n\n\n<p>En este ejemplo, usamos Media Queries para crear un <strong>men\u00fa de navegaci\u00f3n Responsive<\/strong>, que var\u00eda en dise\u00f1o en diferentes tama\u00f1os de pantalla.<\/p>\n\n\n\n<p><strong>Ejm<\/strong><\/p>\n\n\n\n<pre class=\"wp-block-preformatted\">&lt;!DOCTYPE html><br>&lt;html lang=\"es\"><br>  &lt;head><br>    &lt;meta charset=\"UTF-8\" \/><br>    &lt;meta name=\"viewport\" content=\"width=device-width, initial-scale=1\" \/><br>    &lt;style><br>      * {<br>        box-sizing: border-box;<br>      }<br><br>      .topnav {<br>        overflow: hidden;<br>        background-color: #333;<br>      }<br><br>      .topnav a {<br>        float: left;<br>        display: block;<br>        color: #f2f2f2;<br>        text-align: center;<br>        padding: 14px 16px;<br>        text-decoration: none;<br>      }<br><br>      .topnav a:hover {<br>        background-color: #ddd;<br>        color: black;<br>      }<br><br>      @media screen and (max-width: 600px) {<br>        .topnav a {<br>          float: none;<br>          width: 100%;<br>        }<br>      }<br>    &lt;\/style><br>  &lt;\/head><br>  &lt;body><br>    &lt;h2>Men\u00fa de navegaci\u00f3n Responsive&lt;\/h2><br>    &lt;p><br>      Cambia el tama\u00f1o de la ventana del navegador para ver el efecto: cuando la<br>      pantalla tiene menos de 600 px, el men\u00fa de navegaci\u00f3n se mostrar\u00e1<br>      verticalmente en lugar de horizontalmente.<br>    &lt;\/p><br>    &lt;div class=\"topnav\"><br>      &lt;a href=\"#\">Link 1&lt;\/a><br>      &lt;a href=\"#\">Link 2&lt;\/a><br>      &lt;a href=\"#\">Link 3&lt;\/a><br>    &lt;\/div><br>  &lt;\/body><br>&lt;\/html><\/pre>\n\n\n\n<h2 class=\"wp-block-heading\">Media Queries para columnas<\/h2>\n\n\n\n<p>Un uso com\u00fan de las <strong>consultas de medios<\/strong> (<strong>Media Queries<\/strong>) es crear un dise\u00f1o flexible. En este ejemplo, creamos un dise\u00f1o que var\u00eda entre cuatro, dos y columnas de ancho completo, seg\u00fan los diferentes tama\u00f1os de pantalla.<\/p>\n\n\n\n<p><strong>Ejm<\/strong><\/p>\n\n\n\n<pre class=\"wp-block-preformatted\">&lt;!DOCTYPE html><br>&lt;html><br>  &lt;head><br>    &lt;meta name=\"viewport\" content=\"width=device-width, initial-scale=1\" \/><br>    &lt;style><br>      * {<br>        box-sizing: border-box;<br>      }<br><br>      \/* Create four equal columns that floats next to each other *\/<br>      .column {<br>        float: left;<br>        width: 25%;<br>        padding: 20px;<br>      }<br><br>      \/* Clear floats after the columns *\/<br>      .row:after {<br>        content: \"\";<br>        display: table;<br>        clear: both;<br>      }<br><br>      \/* On screens that are 992px wide or less, go from four columns to two columns *\/<br>      @media screen and (max-width: 992px) {<br>        .column {<br>          width: 50%;<br>        }<br>      }<br><br>      \/* On screens that are 600px wide or less, make the columns stack on top of <br>each other instead of next to each other *\/<br>      @media screen and (max-width: 600px) {<br>        .column {<br>          width: 100%;<br>        }<br>      }<br>    &lt;\/style><br>  &lt;\/head><br>  &lt;body><br>    &lt;h2>Responsive Four Column Layout&lt;\/h2><br>    &lt;p><br>      &lt;strong>Resize the browser window to see the responsive effect.&lt;\/strong><br>      On screens that are 992px wide or less, the columns will resize from four<br>      columns to two columns. On screens that are 600px wide or less, the<br>      columns will stack on top of each other instead of next to eachother.<br>    &lt;\/p><br><br>    &lt;div class=\"row\"><br>      &lt;div class=\"column\" style=\"background-color: #aaa\"><br>        &lt;h2>Column 1&lt;\/h2><br>        &lt;p>Some text..&lt;\/p><br>      &lt;\/div><br><br>      &lt;div class=\"column\" style=\"background-color: #bbb\"><br>        &lt;h2>Column 2&lt;\/h2><br>        &lt;p>Some text..&lt;\/p><br>      &lt;\/div><br><br>      &lt;div class=\"column\" style=\"background-color: #ccc\"><br>        &lt;h2>Column 3&lt;\/h2><br>        &lt;p>Some text..&lt;\/p><br>      &lt;\/div><br><br>      &lt;div class=\"column\" style=\"background-color: #ddd\"><br>        &lt;h2>Column 4&lt;\/h2><br>        &lt;p>Some text..&lt;\/p><br>      &lt;\/div><br>    &lt;\/div><br>  &lt;\/body><br>&lt;\/html><\/pre>\n\n\n\n<h2 class=\"wp-block-heading\">Website flexible<\/h2>\n\n\n\n<p>En este ejemplo, usamos consultas de medios junto con <strong><em>flexbox<\/em> <\/strong>para crear un sitio web Responsive, que contiene una barra de navegaci\u00f3n flexible y contenido flexible.<\/p>\n\n\n\n<p><strong>Ejm<\/strong><\/p>\n\n\n\n<pre class=\"wp-block-preformatted\">&lt;!DOCTYPE html><br>&lt;html lang=\"es\"><br>  &lt;head><br>    &lt;title>Ejm de p\u00e1gina completa&lt;\/title><br>    &lt;meta charset=\"UTF-8\" \/><br>    &lt;meta name=\"viewport\" content=\"width=device-width, initial-scale=1\" \/><br>    &lt;style><br>      * {<br>        box-sizing: border-box;<br>      }<br><br>      body {<br>        font-family: arial;<br>        margin: 0;<br>      }<br><br>      .header {<br>        padding: 60px;<br>        text-align: center;<br>        background: #1abc9c;<br>        color: white;<br>      }<br><br>      .navbar {<br>        display: flex;<br>        background-color: #333;<br>      }<br><br>      .navbar a {<br>        color: white;<br>        padding: 14px 20px;<br>        text-decoration: none;<br>        text-align: center;<br>      }<br><br>      .navbar a:hover {<br>        background-color: #ddd;<br>        color: black;<br>      }<br><br>      .row {<br>        display: flex;<br>        flex-wrap: wrap;<br>      }<br><br>      .side {<br>        flex: 30%;<br>        background-color: #f1f1f1;<br>        padding: 20px;<br>      }<br><br>      .main {<br>        flex: 70%;<br>        background-color: white;<br>        padding: 20px;<br>      }<br><br>      .fakeimg {<br>        background-color: #aaa;<br>        width: 100%;<br>        padding: 20px;<br>      }<br><br>      .footer {<br>        padding: 20px;<br>        text-align: center;<br>        background-color: #ddd;<br>      }<br><br>      @media screen and (max-width: 700px) {<br>        .row,<br>        .navbar {<br>          flex-direction: column;<br>        }<br>      }<br>    &lt;\/style><br>  &lt;\/head><br>  &lt;body><br>    &lt;!-- NOTA --><br>    &lt;div style=\"background-color: yellow; padding: 5px\"><br>      &lt;h4 style=\"text-align: center\"><br>        Cambia el tama\u00f1o del navegador para ver el efecto<br>      &lt;\/h4><br>    &lt;\/div><br><br>    &lt;!-- HEADER --><br>    &lt;div class=\"header\"><br>      &lt;h1>Mi web&lt;\/h1><br>      &lt;p>Con un &lt;b>Dise\u00f1o flexible&lt;\/b>&lt;\/p><br>    &lt;\/div><br><br>    &lt;!-- MEN\u00da DE NAVEGACI\u00d3N --><br>    &lt;div class=\"navbar\"><br>      &lt;a href=\"#\">Link 1&lt;\/a><br>      &lt;a href=\"#\">Link 2&lt;\/a><br>      &lt;a href=\"#\">Link 3&lt;\/a><br>      &lt;a href=\"#\">Link 4&lt;\/a><br>    &lt;\/div><br><br>    &lt;!-- CONTENIDO FLEXIBLE --><br>    &lt;div class=\"row\"><br>      &lt;div class=\"side\"><br>        &lt;h2>Sobre m\u00ed&lt;\/h2><br>        &lt;h5>Foto de m\u00ed&lt;\/h5><br>        &lt;div class=\"fakeimg\" style=\"height: 200px\">Img&lt;\/div><br>        &lt;p>Algo de texto&lt;\/p><br>        &lt;h3>Mas texto&lt;\/h3><br>        &lt;p>Algo m\u00e1s de texto&lt;\/p><br>        &lt;div class=\"fakeimg\" style=\"height: 60px\">Img&lt;\/div><br>        &lt;div class=\"fakeimg\" style=\"height: 60px\">Img&lt;\/div><br>        &lt;div class=\"fakeimg\" style=\"height: 60px\">Img&lt;\/div><br>      &lt;\/div><br>      &lt;div class=\"main\"><br>        &lt;h2>T\u00edtulo principal&lt;\/h2><br>        &lt;h5>Descripci\u00f3n con fecha 18\/07\/2022&lt;\/h5><br>        &lt;div class=\"fakeimg\" style=\"height: 200px\">Img&lt;\/div><br>        &lt;p>Algo de texto&lt;\/p><br>        &lt;p>Algo mucho m\u00e1s de texto&lt;\/p><br><br>        &lt;h2>T\u00edtulo principal&lt;\/h2><br>        &lt;h5>Descripci\u00f3n con fecha 15\/07\/2022&lt;\/h5><br>        &lt;div class=\"fakeimg\" style=\"height: 200px\">Img&lt;\/div><br>        &lt;p>Algo de texto&lt;\/p><br>        &lt;p>Algo mucho m\u00e1s de texto&lt;\/p><br>      &lt;\/div><br>    &lt;\/div><br><br>    &lt;!-- FOOTER --><br>    &lt;div class=\"footer\"><br>      &lt;h2>Footer&lt;\/h2><br>    &lt;\/div><br>  &lt;\/body><br>&lt;\/html><\/pre>\n\n\n\n<h2 class=\"wp-block-heading\">Min Width y Max Width<\/h2>\n\n\n\n<p>Tambi\u00e9n puedes usar los valores (<strong><em>max-width:<\/em><\/strong> ..) y (<strong><em>min-width:<\/em><\/strong> ..) para establecer un ancho m\u00ednimo y un ancho m\u00e1ximo. Por ejemplo, cuando el ancho del navegador est\u00e1 entre 600 y 900 px, cambie la apariencia de un elemento <strong><em>&lt;div&gt;<\/em><\/strong>.<\/p>\n\n\n\n<p><strong>Ejm<\/strong><\/p>\n\n\n\n<pre class=\"wp-block-preformatted\">&lt;!DOCTYPE html><br>&lt;html><br>  &lt;head><br>    &lt;meta name=\"viewport\" content=\"width=device-width, initial-scale=1\" \/><br>    &lt;style><br>      @media screen and (max-width: 900px) and (min-width: 600px) {<br>        div.example {<br>          font-size: 50px;<br>          padding: 50px;<br>          border: 8px solid black;<br>          background: yellow;<br>        }<br>      }<br>    &lt;\/style><br>  &lt;\/head><br>  &lt;body><br>    &lt;h2>Change the appearance of DIV on different screen sizes&lt;\/h2><br><br>    &lt;div class=\"example\">Example DIV.&lt;\/div><br><br>    &lt;p><br>      When the browser's width is between 600 and 900px, change the appearance<br>      of DIV. &lt;strong>Resize the browser window to see the effect&lt;\/strong>.<br>    &lt;\/p><br>  &lt;\/body><br>&lt;\/html><\/pre>\n","protected":false},"excerpt":{"rendered":"<p>Tipos de medios introducidos en CSS2 La regla @media, introducida en CSS2, hizo posible definir diferentes reglas de estilo para [&hellip;]<\/p>\n","protected":false},"author":1,"featured_media":0,"parent":1367,"menu_order":21,"comment_status":"closed","ping_status":"closed","template":"","meta":{"_uag_custom_page_level_css":"","site-sidebar-layout":"default","site-content-layout":"","ast-site-content-layout":"default","site-content-style":"default","site-sidebar-style":"default","ast-global-header-display":"","ast-banner-title-visibility":"","ast-main-header-display":"","ast-hfb-above-header-display":"","ast-hfb-below-header-display":"","ast-hfb-mobile-header-display":"","site-post-title":"","ast-breadcrumbs-content":"","ast-featured-img":"","footer-sml-layout":"","ast-disable-related-posts":"","theme-transparent-header-meta":"","adv-header-id-meta":"","stick-header-meta":"","header-above-stick-meta":"","header-main-stick-meta":"","header-below-stick-meta":"","astra-migrate-meta-layouts":"default","ast-page-background-enabled":"default","ast-page-background-meta":{"desktop":{"background-color":"var(--ast-global-color-4)","background-image":"","background-repeat":"repeat","background-position":"center center","background-size":"auto","background-attachment":"scroll","background-type":"","background-media":"","overlay-type":"","overlay-color":"","overlay-opacity":"","overlay-gradient":""},"tablet":{"background-color":"","background-image":"","background-repeat":"repeat","background-position":"center center","background-size":"auto","background-attachment":"scroll","background-type":"","background-media":"","overlay-type":"","overlay-color":"","overlay-opacity":"","overlay-gradient":""},"mobile":{"background-color":"","background-image":"","background-repeat":"repeat","background-position":"center center","background-size":"auto","background-attachment":"scroll","background-type":"","background-media":"","overlay-type":"","overlay-color":"","overlay-opacity":"","overlay-gradient":""}},"ast-content-background-meta":{"desktop":{"background-color":"var(--ast-global-color-5)","background-image":"","background-repeat":"repeat","background-position":"center center","background-size":"auto","background-attachment":"scroll","background-type":"","background-media":"","overlay-type":"","overlay-color":"","overlay-opacity":"","overlay-gradient":""},"tablet":{"background-color":"var(--ast-global-color-5)","background-image":"","background-repeat":"repeat","background-position":"center center","background-size":"auto","background-attachment":"scroll","background-type":"","background-media":"","overlay-type":"","overlay-color":"","overlay-opacity":"","overlay-gradient":""},"mobile":{"background-color":"var(--ast-global-color-5)","background-image":"","background-repeat":"repeat","background-position":"center center","background-size":"auto","background-attachment":"scroll","background-type":"","background-media":"","overlay-type":"","overlay-color":"","overlay-opacity":"","overlay-gradient":""}},"footnotes":""},"class_list":["post-1449","page","type-page","status-publish","hentry"],"uagb_featured_image_src":{"full":false,"thumbnail":false,"medium":false,"medium_large":false,"large":false,"1536x1536":false,"2048x2048":false},"uagb_author_info":{"display_name":"Sutil Web","author_link":"https:\/\/sutilweb.eu\/index.php\/author\/sutilweb\/"},"uagb_comment_info":0,"uagb_excerpt":"Tipos de medios introducidos en CSS2 La regla @media, introducida en CSS2, hizo posible definir diferentes reglas de estilo para [&hellip;]","_links":{"self":[{"href":"https:\/\/sutilweb.eu\/index.php\/wp-json\/wp\/v2\/pages\/1449","targetHints":{"allow":["GET"]}}],"collection":[{"href":"https:\/\/sutilweb.eu\/index.php\/wp-json\/wp\/v2\/pages"}],"about":[{"href":"https:\/\/sutilweb.eu\/index.php\/wp-json\/wp\/v2\/types\/page"}],"author":[{"embeddable":true,"href":"https:\/\/sutilweb.eu\/index.php\/wp-json\/wp\/v2\/users\/1"}],"replies":[{"embeddable":true,"href":"https:\/\/sutilweb.eu\/index.php\/wp-json\/wp\/v2\/comments?post=1449"}],"version-history":[{"count":3,"href":"https:\/\/sutilweb.eu\/index.php\/wp-json\/wp\/v2\/pages\/1449\/revisions"}],"predecessor-version":[{"id":1452,"href":"https:\/\/sutilweb.eu\/index.php\/wp-json\/wp\/v2\/pages\/1449\/revisions\/1452"}],"up":[{"embeddable":true,"href":"https:\/\/sutilweb.eu\/index.php\/wp-json\/wp\/v2\/pages\/1367"}],"wp:attachment":[{"href":"https:\/\/sutilweb.eu\/index.php\/wp-json\/wp\/v2\/media?parent=1449"}],"curies":[{"name":"wp","href":"https:\/\/api.w.org\/{rel}","templated":true}]}}