{"id":1192,"date":"2024-07-31T12:00:04","date_gmt":"2024-07-31T10:00:04","guid":{"rendered":"https:\/\/blog.sutilweb.eu\/?page_id=1192"},"modified":"2024-07-31T12:00:06","modified_gmt":"2024-07-31T10:00:06","slug":"03-selectores-css","status":"publish","type":"page","link":"https:\/\/sutilweb.eu\/index.php\/lenguajes\/css3\/css3-basico\/03-selectores-css\/","title":{"rendered":"03. Selectores CSS"},"content":{"rendered":"\n<p>Un <strong>selector<\/strong> de <strong>CSS<\/strong> selecciona los elementos <strong>HTML<\/strong> que deseas dise\u00f1ar.<\/p>\n\n\n\n<!--more-->\n\n\n\n<h2 class=\"wp-block-heading\">Selectores CSS<\/h2>\n\n\n\n<p>Los <strong>selectores<\/strong> de <strong>CSS<\/strong> se utilizan para \u00abencontrar\u00bb (o seleccionar) los elementos <strong>HTML<\/strong> que deseamos dise\u00f1ar.<\/p>\n\n\n\n<p>Podemos dividir los selectores en 5 categor\u00edas:<\/p>\n\n\n\n<ul class=\"wp-block-list\">\n<li><strong>Selectores simples<\/strong>: seleccionan elementos basados en nombre, <strong><em>id<\/em><\/strong>, <strong><em>class<\/em><\/strong>&#8230;<\/li>\n\n\n\n<li><strong>Selectores combinadores<\/strong>: seleccionan elementos en funci\u00f3n de una relaci\u00f3n espec\u00edfica entre ellos<\/li>\n\n\n\n<li><strong>Selectores de pseudoclase<\/strong>: seleccionan elementos en funci\u00f3n de un determinado estado<\/li>\n\n\n\n<li><strong>Selectores de pseudoelementos<\/strong>: seleccionan y dise\u00f1an una parte de un elemento<\/li>\n\n\n\n<li><strong>Selectores de atributos<\/strong>: seleccionan elementos en funci\u00f3n de un atributo o valor de atributo<\/li>\n<\/ul>\n\n\n\n<h2 class=\"wp-block-heading\">El selector de elementos CSS<\/h2>\n\n\n\n<p>El <strong>selector de elementos<\/strong> selecciona elementos HTML en funci\u00f3n del nombre del elemento.<\/p>\n\n\n\n<p><strong>Ejm<\/strong><\/p>\n\n\n\n<pre class=\"wp-block-preformatted\">p&nbsp;{\n&nbsp;&nbsp;text-align:&nbsp;center;\n&nbsp;&nbsp;color:&nbsp;red;\n}<\/pre>\n\n\n\n<h2 class=\"wp-block-heading\">El selector de id<\/h2>\n\n\n\n<p>El <strong>selector de id<\/strong> usa el atributo <strong><em>id<\/em><\/strong> de un elemento HTML para seleccionar un elemento espec\u00edfico. La identificaci\u00f3n de un elemento es \u00fanica dentro de una p\u00e1gina, por lo que el <strong>selector de id<\/strong> se usa para seleccionar un elemento \u00fanico.&nbsp;Para seleccionar un elemento con una identificaci\u00f3n espec\u00edfica, escribe un car\u00e1cter hash (#), seguido de la identificaci\u00f3n del elemento.<\/p>\n\n\n\n<p><strong>Ejm<\/strong><\/p>\n\n\n\n<pre class=\"wp-block-preformatted\">#para1&nbsp;{\n&nbsp;&nbsp;text-align:&nbsp;center;\n&nbsp;&nbsp;color:&nbsp;red;\n}<\/pre>\n\n\n\n<blockquote class=\"wp-block-quote is-layout-flow wp-block-quote-is-layout-flow\">\n<p><strong>Nota<\/strong>: Un nombre de id no puede comenzar con un n\u00famero.<\/p>\n<\/blockquote>\n\n\n\n<h2 class=\"wp-block-heading\">El selector CSS class<\/h2>\n\n\n\n<p>El selector <strong><em>class<\/em><\/strong> selecciona elementos HTML con un atributo de clase espec\u00edfico. Para seleccionar elementos con una clase espec\u00edfica, escribe un car\u00e1cter de punto (.), seguido del nombre de la clase.<\/p>\n\n\n\n<p><strong>Ejm<\/strong><\/p>\n\n\n\n<pre class=\"wp-block-preformatted\">.center&nbsp;{\n&nbsp; text-align:&nbsp;center;\n&nbsp;&nbsp;color:&nbsp;red;\n}<\/pre>\n\n\n\n<p>Tambi\u00e9n puedes especificar que solo los elementos HTML espec\u00edficos se vean afectados por una clase.<\/p>\n\n\n\n<p><strong>Ejm<\/strong><\/p>\n\n\n\n<pre class=\"wp-block-preformatted\">&lt;!DOCTYPE html&gt;\n&lt;html&gt;\n&lt;head&gt;\n&lt;style&gt;\np.center {\ntext-align: center;\ncolor: red;\n}\n&lt;\/style&gt;\n&lt;\/head&gt;\n&lt;body&gt;\n\n&lt;h1 class=\"center\"&gt;Este encabezado no se ver\u00e1 afectado&lt;\/h1&gt;\n&lt;p class=\"center\"&gt;Este p\u00e1rrafo se ver\u00e1 alineado al centro&lt;\/p&gt;\n\n&lt;\/body&gt;\n&lt;\/html&gt;<\/pre>\n\n\n\n<p>Los elementos HTML tambi\u00e9n pueden referirse a m\u00e1s de una clase.<\/p>\n\n\n\n<p><strong>Ejm<\/strong><\/p>\n\n\n\n<p>En este ejemplo, el elemento <strong><em>&lt;p&gt;<\/em><\/strong> se dise\u00f1ar\u00e1 de acuerdo con <strong><em>class=\u00bbcenter\u00bb<\/em><\/strong> y <strong><em>class=\u00bblarge\u00bb<\/em><\/strong>.<\/p>\n\n\n\n<pre class=\"wp-block-preformatted\">&lt;!DOCTYPE html&gt;\n&lt;html&gt;\n&lt;head&gt;\n&lt;style&gt;\np.center {\ntext-align: center;\ncolor: red;\n}\n\np.large {\nfont-size: 300%;\n}\n&lt;\/style&gt;\n&lt;\/head&gt;\n&lt;body&gt;\n\n&lt;h1 class=\"center\"&gt;Este encabezado no ser\u00e1 afectado&lt;\/h1&gt;\n&lt;p class=\"center\"&gt;Este p\u00e1rrafo ser\u00e1 rojo y alineado al centro&lt;\/p&gt;\n&lt;p class=\"center large\"&gt;Este p\u00e1rrafo ser\u00e1 rojo, alineado alcentro\ny con un tama\u00f1o large.&lt;\/p&gt;\n\n&lt;\/body&gt;\n&lt;\/html&gt;<\/pre>\n\n\n\n<blockquote class=\"wp-block-quote is-layout-flow wp-block-quote-is-layout-flow\">\n<p><strong>Nota<\/strong>: Un nombre de clase no puede comenzar con un n\u00famero.<\/p>\n<\/blockquote>\n\n\n\n<h2 class=\"wp-block-heading\">El selector CSS universal<\/h2>\n\n\n\n<p>El <strong>selector universal<\/strong> (*) selecciona todos los elementos HTML de la p\u00e1gina.<\/p>\n\n\n\n<p><strong>Ejm<\/strong><\/p>\n\n\n\n<pre class=\"wp-block-preformatted\">&lt;!DOCTYPE html&gt;\n&lt;html&gt;\n&lt;head&gt;\n&lt;style&gt;\n* {\ntext-align: center;\ncolor: blue;\n}\n&lt;\/style&gt;\n&lt;\/head&gt;\n&lt;body&gt;\n\n&lt;h1&gt;Hola Mundo!&lt;\/h1&gt;\n\n&lt;p&gt;Cada elemento en la p\u00e1gina ser\u00e1 afectado por el estilo.&lt;\/p&gt;\n&lt;p id=\"para1\"&gt;Este p\u00e1rrafo se ver\u00e1 afectado&lt;\/p&gt;\n&lt;p&gt;Este otro tambi\u00e9n&lt;\/p&gt;\n\n&lt;\/body&gt;\n&lt;\/html&gt;<\/pre>\n\n\n\n<h2 class=\"wp-block-heading\">El selector de agrupaci\u00f3n CSS<\/h2>\n\n\n\n<p>El <strong>selector de agrupaci\u00f3n<\/strong> selecciona todos los elementos HTML con las mismas definiciones de estilo. Mira el siguiente c\u00f3digo CSS (los elementos <strong><em>h1<\/em><\/strong>, <strong><em>h2<\/em><\/strong> y <strong><em>p<\/em><\/strong> tienen las mismas definiciones de estilo).<\/p>\n\n\n\n<p><strong>Ejm<\/strong><\/p>\n\n\n\n<pre class=\"wp-block-preformatted\">h1&nbsp;{\n&nbsp;&nbsp;text-align:&nbsp;center;\n&nbsp;&nbsp;color:&nbsp;red;\n}\n\nh2&nbsp;{\n&nbsp; text-align:&nbsp;center;\n&nbsp; color:&nbsp;red;\n}\n\np&nbsp;{\n&nbsp;&nbsp;text-align:&nbsp;center;\n&nbsp;&nbsp;color:&nbsp;red;\n}<\/pre>\n\n\n\n<p>Lo mejor es agrupar los selectores, para minimizar el c\u00f3digo. Para agrupar selectores, separa cada selector con una coma.<\/p>\n\n\n\n<p><strong>Ejm<\/strong><\/p>\n\n\n\n<pre class=\"wp-block-preformatted\">&lt;!DOCTYPE html&gt;\n&lt;html&gt;\n&lt;head&gt;\n&lt;style&gt;\nh1, h2, p {\ntext-align: center;\ncolor: red;\n}\n&lt;\/style&gt;\n&lt;\/head&gt;\n&lt;body&gt;\n\n&lt;h1&gt;Hello World!&lt;\/h1&gt;\n&lt;h2&gt;Smaller heading!&lt;\/h2&gt;\n&lt;p&gt;This is a paragraph.&lt;\/p&gt;\n\n&lt;\/body&gt;\n&lt;\/html&gt;<\/pre>\n\n\n\n<h2 class=\"wp-block-heading\">Todos los selectores simples<\/h2>\n\n\n\n<figure class=\"wp-block-table\"><table class=\"has-fixed-layout\"><tbody><tr><th>Selector<\/th><th>Ejemplo<\/th><th>Descripci\u00f3n del ejemplo<\/th><\/tr><tr><td><strong>#<em>id<\/em><\/strong><\/td><td>#firstname<\/td><td>Selecciona el elemento con la &nbsp;id=\u00bbfirstname\u00bb<\/td><\/tr><tr><td><strong>.<em>class<\/em><\/strong><\/td><td>.intro<\/td><td>Selecciona todos los elementos con class=\u00bbintro\u00bb<\/td><\/tr><tr><td><strong><em>element.class<\/em><\/strong><\/td><td>p.intro<\/td><td>Selecciona s\u00f3lo los elementos <strong><em>&lt;p&gt;<\/em><\/strong> con class=\u00bbintro\u00bb<\/td><\/tr><tr><td><strong>*<\/strong><\/td><td>*<\/td><td>Selecciona todos los elementos<\/td><\/tr><tr><td><strong><em>element<\/em><\/strong><\/td><td>p<\/td><td>Selecciona los elementos <strong><em>&lt;p&gt;<\/em><\/strong><\/td><\/tr><tr><td><strong><em>element, element,..<\/em><\/strong><\/td><td>div, p<\/td><td>Selecciona todos los elementos <em>&lt;div&gt;<\/em> y todos los elementos <strong><em>&lt;p&gt;<\/em><\/strong><\/td><\/tr><\/tbody><\/table><\/figure>\n","protected":false},"excerpt":{"rendered":"<p>Un selector de CSS selecciona los elementos HTML que deseas dise\u00f1ar.<\/p>\n","protected":false},"author":1,"featured_media":0,"parent":563,"menu_order":2,"comment_status":"closed","ping_status":"closed","template":"","meta":{"_uag_custom_page_level_css":"","site-sidebar-layout":"default","site-content-layout":"","ast-site-content-layout":"default","site-content-style":"default","site-sidebar-style":"default","ast-global-header-display":"","ast-banner-title-visibility":"","ast-main-header-display":"","ast-hfb-above-header-display":"","ast-hfb-below-header-display":"","ast-hfb-mobile-header-display":"","site-post-title":"","ast-breadcrumbs-content":"","ast-featured-img":"","footer-sml-layout":"","ast-disable-related-posts":"","theme-transparent-header-meta":"","adv-header-id-meta":"","stick-header-meta":"","header-above-stick-meta":"","header-main-stick-meta":"","header-below-stick-meta":"","astra-migrate-meta-layouts":"default","ast-page-background-enabled":"default","ast-page-background-meta":{"desktop":{"background-color":"var(--ast-global-color-4)","background-image":"","background-repeat":"repeat","background-position":"center center","background-size":"auto","background-attachment":"scroll","background-type":"","background-media":"","overlay-type":"","overlay-color":"","overlay-opacity":"","overlay-gradient":""},"tablet":{"background-color":"","background-image":"","background-repeat":"repeat","background-position":"center center","background-size":"auto","background-attachment":"scroll","background-type":"","background-media":"","overlay-type":"","overlay-color":"","overlay-opacity":"","overlay-gradient":""},"mobile":{"background-color":"","background-image":"","background-repeat":"repeat","background-position":"center center","background-size":"auto","background-attachment":"scroll","background-type":"","background-media":"","overlay-type":"","overlay-color":"","overlay-opacity":"","overlay-gradient":""}},"ast-content-background-meta":{"desktop":{"background-color":"var(--ast-global-color-5)","background-image":"","background-repeat":"repeat","background-position":"center center","background-size":"auto","background-attachment":"scroll","background-type":"","background-media":"","overlay-type":"","overlay-color":"","overlay-opacity":"","overlay-gradient":""},"tablet":{"background-color":"var(--ast-global-color-5)","background-image":"","background-repeat":"repeat","background-position":"center center","background-size":"auto","background-attachment":"scroll","background-type":"","background-media":"","overlay-type":"","overlay-color":"","overlay-opacity":"","overlay-gradient":""},"mobile":{"background-color":"var(--ast-global-color-5)","background-image":"","background-repeat":"repeat","background-position":"center center","background-size":"auto","background-attachment":"scroll","background-type":"","background-media":"","overlay-type":"","overlay-color":"","overlay-opacity":"","overlay-gradient":""}},"footnotes":""},"class_list":["post-1192","page","type-page","status-publish","hentry"],"uagb_featured_image_src":{"full":false,"thumbnail":false,"medium":false,"medium_large":false,"large":false,"1536x1536":false,"2048x2048":false},"uagb_author_info":{"display_name":"Sutil Web","author_link":"https:\/\/sutilweb.eu\/index.php\/author\/sutilweb\/"},"uagb_comment_info":0,"uagb_excerpt":"Un selector de CSS selecciona los elementos HTML que deseas dise\u00f1ar.","_links":{"self":[{"href":"https:\/\/sutilweb.eu\/index.php\/wp-json\/wp\/v2\/pages\/1192","targetHints":{"allow":["GET"]}}],"collection":[{"href":"https:\/\/sutilweb.eu\/index.php\/wp-json\/wp\/v2\/pages"}],"about":[{"href":"https:\/\/sutilweb.eu\/index.php\/wp-json\/wp\/v2\/types\/page"}],"author":[{"embeddable":true,"href":"https:\/\/sutilweb.eu\/index.php\/wp-json\/wp\/v2\/users\/1"}],"replies":[{"embeddable":true,"href":"https:\/\/sutilweb.eu\/index.php\/wp-json\/wp\/v2\/comments?post=1192"}],"version-history":[{"count":2,"href":"https:\/\/sutilweb.eu\/index.php\/wp-json\/wp\/v2\/pages\/1192\/revisions"}],"predecessor-version":[{"id":1194,"href":"https:\/\/sutilweb.eu\/index.php\/wp-json\/wp\/v2\/pages\/1192\/revisions\/1194"}],"up":[{"embeddable":true,"href":"https:\/\/sutilweb.eu\/index.php\/wp-json\/wp\/v2\/pages\/563"}],"wp:attachment":[{"href":"https:\/\/sutilweb.eu\/index.php\/wp-json\/wp\/v2\/media?parent=1192"}],"curies":[{"name":"wp","href":"https:\/\/api.w.org\/{rel}","templated":true}]}}